{"id":1183,"date":"2009-12-12T09:05:12","date_gmt":"2009-12-12T07:05:12","guid":{"rendered":"http:\/\/tsvkuppingen.de\/lauftreff\/site\/?page_id=1183"},"modified":"2019-09-20T22:47:35","modified_gmt":"2019-09-20T20:47:35","slug":"02-12-2009","status":"publish","type":"page","link":"https:\/\/tsvkuppingen.de\/lauftreff\/site\/?page_id=1183","title":{"rendered":"02.12.2009"},"content":{"rendered":"<p><strong>Anerkennung f\u00fcr langj\u00e4hrige ehrenamtliche T\u00e4tigkeit<\/strong><br \/>\nWer lange durchh\u00e4lt f\u00e4llt auf! Die Stadt Herrenberg l\u00e4dt jedes Jahr Personen zum Ehrungsabend ein, die mindestens 10 Jahre ehrenamtlich in verantwortungsvollen Posten in Vereinen oder sozialen Organisationen t\u00e4tig waren. Dieses Jahr mit von der Partie waren Erich Kienle und Andreas Kraiss vom TSV Kuppingen. Als Mitbegr\u00fcnder des Lauftreffs \u00fcber den Breitensportwart bis zur heutigen Position des stv. Abteilungsleiters war Erich ma\u00dfgeblich an der positiven Entwicklung des Lauftreffs beteiligt. Andreas Kraiss engagiert sich seit Jahren f\u00fcr die Fu\u00dfball-Jugend im TSV und ist ebenfalls Mitglied des Vereinsrates des Gesamtvereins. Sch\u00f6n, dass es so treue und aktive Leute gibt, die den Verein gestalten und nach vorne bringen!<br \/>\nDie beiden konnten nach Lob und Dank von Oberb\u00fcrgermeister Thomas Spri\u00dfler und einem z\u00fcnftigen Abendessen auch noch kr\u00e4ftig lachen. Der Kabarettist Heinrich Del Core hat mit seinem Programm \u201eDer Inl\u00e4nder\u201c f\u00fcr einen kurzweiligen Abend gesorgt.<\/p>\n<div id=\"attachment_1184\" style=\"width: 310px\" class=\"wp-caption alignnone\"><a href=\"https:\/\/tsvkuppingen.de\/lauftreff\/site\/wp-content\/uploads\/2009\/12\/Erich_Ehrung.jpg\"><img loading=\"lazy\" decoding=\"async\" aria-describedby=\"caption-attachment-1184\" src=\"https:\/\/tsvkuppingen.de\/lauftreff\/site\/wp-content\/uploads\/2009\/12\/Erich_Ehrung-300x200.jpg\" alt=\"Erich Kienle, Arthur Kohler und Andreas Kraiss\" title=\"Ehrung\" width=\"300\" height=\"200\" class=\"size-medium wp-image-1184\" srcset=\"https:\/\/tsvkuppingen.de\/lauftreff\/site\/wp-content\/uploads\/2009\/12\/Erich_Ehrung-300x200.jpg 300w, https:\/\/tsvkuppingen.de\/lauftreff\/site\/wp-content\/uploads\/2009\/12\/Erich_Ehrung-1024x682.jpg 1024w, https:\/\/tsvkuppingen.de\/lauftreff\/site\/wp-content\/uploads\/2009\/12\/Erich_Ehrung.jpg 1500w\" sizes=\"auto, (max-width: 300px) 100vw, 300px\" \/><\/a><p id=\"caption-attachment-1184\" class=\"wp-caption-text\">Erich Kienle, Arthur Kohler und Andreas Kraiss<\/p><\/div>\n","protected":false},"excerpt":{"rendered":"<p>Anerkennung f\u00fcr langj\u00e4hrige ehrenamtliche T\u00e4tigkeit Wer lange durchh\u00e4lt f\u00e4llt auf! Die Stadt Herrenberg l\u00e4dt jedes Jahr Personen zum Ehrungsabend ein, die mindestens 10 Jahre ehrenamtlich in verantwortungsvollen Posten in Vereinen oder sozialen Organisationen t\u00e4tig waren. Dieses Jahr mit von der Partie waren Erich Kienle und Andreas Kraiss vom TSV Kuppingen. Als Mitbegr\u00fcnder des Lauftreffs \u00fcber [&hellip;]<\/p>\n","protected":false},"author":2,"featured_media":0,"parent":32,"menu_order":99820000,"comment_status":"open","ping_status":"open","template":"","meta":{"ngg_post_thumbnail":0,"footnotes":""},"class_list":["post-1183","page","type-page","status-publish","hentry"],"_links":{"self":[{"href":"https:\/\/tsvkuppingen.de\/lauftreff\/site\/index.php?rest_route=\/wp\/v2\/pages\/1183","targetHints":{"allow":["GET"]}}],"collection":[{"href":"https:\/\/tsvkuppingen.de\/lauftreff\/site\/index.php?rest_route=\/wp\/v2\/pages"}],"about":[{"href":"https:\/\/tsvkuppingen.de\/lauftreff\/site\/index.php?rest_route=\/wp\/v2\/types\/page"}],"author":[{"embeddable":true,"href":"https:\/\/tsvkuppingen.de\/lauftreff\/site\/index.php?rest_route=\/wp\/v2\/users\/2"}],"replies":[{"embeddable":true,"href":"https:\/\/tsvkuppingen.de\/lauftreff\/site\/index.php?rest_route=%2Fwp%2Fv2%2Fcomments&post=1183"}],"version-history":[{"count":7,"href":"https:\/\/tsvkuppingen.de\/lauftreff\/site\/index.php?rest_route=\/wp\/v2\/pages\/1183\/revisions"}],"predecessor-version":[{"id":7981,"href":"https:\/\/tsvkuppingen.de\/lauftreff\/site\/index.php?rest_route=\/wp\/v2\/pages\/1183\/revisions\/7981"}],"up":[{"embeddable":true,"href":"https:\/\/tsvkuppingen.de\/lauftreff\/site\/index.php?rest_route=\/wp\/v2\/pages\/32"}],"wp:attachment":[{"href":"https:\/\/tsvkuppingen.de\/lauftreff\/site\/index.php?rest_route=%2Fwp%2Fv2%2Fmedia&parent=1183"}],"curies":[{"name":"wp","href":"https:\/\/api.w.org\/{rel}","templated":true}]}}