{"id":1386,"date":"2010-05-13T13:06:39","date_gmt":"2010-05-13T11:06:39","guid":{"rendered":"http:\/\/tsvkuppingen.de\/lauftreff\/site\/?page_id=1386"},"modified":"2019-09-20T22:47:18","modified_gmt":"2019-09-20T20:47:18","slug":"mai-2010","status":"publish","type":"page","link":"https:\/\/tsvkuppingen.de\/lauftreff\/site\/?page_id=1386","title":{"rendered":"Mai 2010"},"content":{"rendered":"<p><strong>Kuppinger auf Vorw\u00e4rtskurs<\/strong><\/p>\n<p>Die beginnende Wettkampfsaison der Athleten des TSV Kuppingen sorgt bereits f\u00fcr Ergebnisse, die aufhorchen lassen.<br \/>\nBeim Renninger Sch\u00fcler- und Jugendsportfest am 1. Mai starteten <strong>Georg und Stefan Eichler sowie Tobias Kocholl<\/strong> in die Bahnsaison. <strong>\u00dcber 1000m<\/strong> hat sich der 14j\u00e4hrige Tobi f\u00fcr dieses Jahr Gro\u00dfes vorgenommen und greift die Norm f\u00fcr die <strong>W\u00fcrttembergischen Meisterschaften<\/strong> seiner Altersklasse an,  die bei 3 Minuten liegt.<br \/>\nGemeinsam mit Stefan ging er in das Rennen der Sch\u00fcler A und hielt sich zun\u00e4chst genau an die Richtwerte, die ihm Trainerin Gabi Manz mit auf den Weg gegeben hatte. Am Schluss musste man dabei leider feststellen, dass er wesentlich st\u00e4rker ist, und die vorgegebenen Zeiten zu gro\u00dfz\u00fcgig bemessen waren. Mit einem Sprint, der ihn auf den letzten Metern fast an seine 100m Bestzeit herangebracht h\u00e4tte, beendete er den Wettkampf in <strong>3:04,83 Minuten<\/strong> und damit mit einer <strong>neuen pers\u00f6nlichen Bestmarke<\/strong>. Der 13j\u00e4hrige Stefan lief gleichfalls ein beherztes Rennen, das er im Rahmen seines momentanen Trainingsstandes in 3:31,44 Minuten zufrieden beenden konnte.<br \/>\nIn der Jugend A startete Bruder Georg Eichler im Sprintbereich um sich dort erste Sporen zu verdienen und Erfahrung zu sammeln. Mit einem guten Start konnte er sein erstes 200m Rennen in einer Zeit von 25,26 Sekunden beenden.<br \/>\nMit diesen Ergebnissen versehen startete ein kleines aber feines 2 Mann Team \u2013 Georg und Tobi \u2013 bei den <strong>Kreismeisterschaften<\/strong> am 9. Mai in Dagersheim. Tobi nahm den Schwung aus dem ersten Saisonrennen mit und lief ein mutiges und beherztes Rennen das ihm eine weitere Bestleistung bescherte und mit<strong> 3:01,13 Minuten<\/strong> nur knapp an der Norm vorbeischrammen lies. Mit dieser Zeit holte er den <strong>1000m Kreismeistertitel nach Kuppingen<\/strong>.<br \/>\nGeorg Eichler startete erneut auf einer anspruchsvollen Strecke. 400m \u2013 die l\u00e4ngste und kraftraubendste Sprintdisziplin &#8211; verlangte ihm einiges ab. Dank seiner Grundschnelligkeit und seines auf den Mittelstrecken antrainierten Stehverm\u00f6gens konnte er in <strong>56,05 Sekunden<\/strong> eine <strong>pers\u00f6nliche Bestleistung<\/strong> erzielen und wurde in seinem Lauf hinter einem Starter der M\u00e4nnerklasse Zweiter.<br \/>\nEs bleibt abzuwarten, wie diese hochmotivierten Athleten ihre Saison weiter gestalten und was von ihnen noch alles in der beginnenden Saison zu erwarten ist.<br \/>\n<div id=\"attachment_1387\" style=\"width: 310px\" class=\"wp-caption alignnone\"><a href=\"https:\/\/tsvkuppingen.de\/lauftreff\/site\/wp-content\/uploads\/2010\/05\/tobigeorg.jpg\"><img loading=\"lazy\" decoding=\"async\" aria-describedby=\"caption-attachment-1387\" src=\"https:\/\/tsvkuppingen.de\/lauftreff\/site\/wp-content\/uploads\/2010\/05\/tobigeorg-300x201.jpg\" alt=\"Auf der Erfolgsspur \u2013 Tobias Kocholl (l.) und Georg Eichler\" title=\"Auf der Erfolgsspur \u2013 Tobias Kocholl (l.) und Georg Eichler\" width=\"300\" height=\"201\" class=\"size-medium wp-image-1387\" srcset=\"https:\/\/tsvkuppingen.de\/lauftreff\/site\/wp-content\/uploads\/2010\/05\/tobigeorg-300x201.jpg 300w, https:\/\/tsvkuppingen.de\/lauftreff\/site\/wp-content\/uploads\/2010\/05\/tobigeorg.jpg 1000w\" sizes=\"auto, (max-width: 300px) 100vw, 300px\" \/><\/a><p id=\"caption-attachment-1387\" class=\"wp-caption-text\">Auf der Erfolgsspur \u2013 Tobias Kocholl (l.) und Georg Eichler<\/p><\/div><\/p>\n","protected":false},"excerpt":{"rendered":"<p>Kuppinger auf Vorw\u00e4rtskurs Die beginnende Wettkampfsaison der Athleten des TSV Kuppingen sorgt bereits f\u00fcr Ergebnisse, die aufhorchen lassen. Beim Renninger Sch\u00fcler- und Jugendsportfest am 1. Mai starteten Georg und Stefan Eichler sowie Tobias Kocholl in die Bahnsaison. \u00dcber 1000m hat sich der 14j\u00e4hrige Tobi f\u00fcr dieses Jahr Gro\u00dfes vorgenommen und greift die Norm f\u00fcr die [&hellip;]<\/p>\n","protected":false},"author":2,"featured_media":0,"parent":32,"menu_order":99810000,"comment_status":"open","ping_status":"open","template":"","meta":{"ngg_post_thumbnail":0,"footnotes":""},"class_list":["post-1386","page","type-page","status-publish","hentry"],"_links":{"self":[{"href":"https:\/\/tsvkuppingen.de\/lauftreff\/site\/index.php?rest_route=\/wp\/v2\/pages\/1386","targetHints":{"allow":["GET"]}}],"collection":[{"href":"https:\/\/tsvkuppingen.de\/lauftreff\/site\/index.php?rest_route=\/wp\/v2\/pages"}],"about":[{"href":"https:\/\/tsvkuppingen.de\/lauftreff\/site\/index.php?rest_route=\/wp\/v2\/types\/page"}],"author":[{"embeddable":true,"href":"https:\/\/tsvkuppingen.de\/lauftreff\/site\/index.php?rest_route=\/wp\/v2\/users\/2"}],"replies":[{"embeddable":true,"href":"https:\/\/tsvkuppingen.de\/lauftreff\/site\/index.php?rest_route=%2Fwp%2Fv2%2Fcomments&post=1386"}],"version-history":[{"count":7,"href":"https:\/\/tsvkuppingen.de\/lauftreff\/site\/index.php?rest_route=\/wp\/v2\/pages\/1386\/revisions"}],"predecessor-version":[{"id":7980,"href":"https:\/\/tsvkuppingen.de\/lauftreff\/site\/index.php?rest_route=\/wp\/v2\/pages\/1386\/revisions\/7980"}],"up":[{"embeddable":true,"href":"https:\/\/tsvkuppingen.de\/lauftreff\/site\/index.php?rest_route=\/wp\/v2\/pages\/32"}],"wp:attachment":[{"href":"https:\/\/tsvkuppingen.de\/lauftreff\/site\/index.php?rest_route=%2Fwp%2Fv2%2Fmedia&parent=1386"}],"curies":[{"name":"wp","href":"https:\/\/api.w.org\/{rel}","templated":true}]}}

<p><strong>Kuppinger auf Vorwärtskurs</strong></p>
<p>Die beginnende Wettkampfsaison der Athleten des TSV Kuppingen sorgt bereits für Ergebnisse, die aufhorchen lassen.<br />
Beim Renninger Schüler- und Jugendsportfest am 1. Mai starteten <strong>Georg und Stefan Eichler sowie Tobias Kocholl</strong> in die Bahnsaison. <strong>Über 1000m</strong> hat sich der 14jährige Tobi für dieses Jahr Großes vorgenommen und greift die Norm für die <strong>Württembergischen Meisterschaften</strong> seiner Altersklasse an,  die bei 3 Minuten liegt.<br />
Gemeinsam mit Stefan ging er in das Rennen der Schüler A und hielt sich zunächst genau an die Richtwerte, die ihm Trainerin Gabi Manz mit auf den Weg gegeben hatte. Am Schluss musste man dabei leider feststellen, dass er wesentlich stärker ist, und die vorgegebenen Zeiten zu großzügig bemessen waren. Mit einem Sprint, der ihn auf den letzten Metern fast an seine 100m Bestzeit herangebracht hätte, beendete er den Wettkampf in <strong>3:04,83 Minuten</strong> und damit mit einer <strong>neuen persönlichen Bestmarke</strong>. Der 13jährige Stefan lief gleichfalls ein beherztes Rennen, das er im Rahmen seines momentanen Trainingsstandes in 3:31,44 Minuten zufrieden beenden konnte.<br />
In der Jugend A startete Bruder Georg Eichler im Sprintbereich um sich dort erste Sporen zu verdienen und Erfahrung zu sammeln. Mit einem guten Start konnte er sein erstes 200m Rennen in einer Zeit von 25,26 Sekunden beenden.<br />
Mit diesen Ergebnissen versehen startete ein kleines aber feines 2 Mann Team – Georg und Tobi – bei den <strong>Kreismeisterschaften</strong> am 9. Mai in Dagersheim. Tobi nahm den Schwung aus dem ersten Saisonrennen mit und lief ein mutiges und beherztes Rennen das ihm eine weitere Bestleistung bescherte und mit<strong> 3:01,13 Minuten</strong> nur knapp an der Norm vorbeischrammen lies. Mit dieser Zeit holte er den <strong>1000m Kreismeistertitel nach Kuppingen</strong>.<br />
Georg Eichler startete erneut auf einer anspruchsvollen Strecke. 400m – die längste und kraftraubendste Sprintdisziplin &#8211; verlangte ihm einiges ab. Dank seiner Grundschnelligkeit und seines auf den Mittelstrecken antrainierten Stehvermögens konnte er in <strong>56,05 Sekunden</strong> eine <strong>persönliche Bestleistung</strong> erzielen und wurde in seinem Lauf hinter einem Starter der Männerklasse Zweiter.<br />
Es bleibt abzuwarten, wie diese hochmotivierten Athleten ihre Saison weiter gestalten und was von ihnen noch alles in der beginnenden Saison zu erwarten ist.<br />
<div id="attachment_1387" style="width: 310px" class="wp-caption alignnone"><a href="https://tsvkuppingen.de/lauftreff/site/wp-content/uploads/2010/05/tobigeorg.jpg"><img loading="lazy" decoding="async" aria-describedby="caption-attachment-1387" src="https://tsvkuppingen.de/lauftreff/site/wp-content/uploads/2010/05/tobigeorg-300x201.jpg" alt="Auf der Erfolgsspur – Tobias Kocholl (l.) und Georg Eichler" title="Auf der Erfolgsspur – Tobias Kocholl (l.) und Georg Eichler" width="300" height="201" class="size-medium wp-image-1387" srcset="https://tsvkuppingen.de/lauftreff/site/wp-content/uploads/2010/05/tobigeorg-300x201.jpg 300w, https://tsvkuppingen.de/lauftreff/site/wp-content/uploads/2010/05/tobigeorg.jpg 1000w" sizes="auto, (max-width: 300px) 100vw, 300px" /></a><p id="caption-attachment-1387" class="wp-caption-text">Auf der Erfolgsspur – Tobias Kocholl (l.) und Georg Eichler</p></div></p>

<p>Kuppinger auf Vorwärtskurs Die beginnende Wettkampfsaison der Athleten des TSV Kuppingen sorgt bereits für Ergebnisse, die aufhorchen lassen. Beim Renninger Schüler- und Jugendsportfest am 1. Mai starteten Georg und Stefan Eichler sowie Tobias Kocholl in die Bahnsaison. Über 1000m hat sich der 14jährige Tobi für dieses Jahr Großes vorgenommen und greift die Norm für die [&hellip;]</p>
