{"id":1401,"date":"2010-05-27T21:40:34","date_gmt":"2010-05-27T19:40:34","guid":{"rendered":"http:\/\/tsvkuppingen.de\/lauftreff\/site\/?page_id=1401"},"modified":"2019-09-20T22:46:50","modified_gmt":"2019-09-20T20:46:50","slug":"16-05-2010","status":"publish","type":"page","link":"https:\/\/tsvkuppingen.de\/lauftreff\/site\/?page_id=1401","title":{"rendered":"16.05.2010"},"content":{"rendered":"<p><strong>W\u00fcrzburg Marathon<\/strong><\/p>\n<p>Mit einer Reihe von beachtlichen Erfolgen kehrten die L\u00e4ufer und Walker des TSV Kuppingen aus W\u00fcrzburg zur\u00fcck. Besonders herausragende Ergebnisse konnten die Walker \u00fcber ihre 19 km Distanz erzielen. TSV Vorstandsvorsitzender Arthur Kohler belegte mit 2:39 den 3. Platz seiner Altersklasse. Seine Frau Gabi erreichte in der selben Zeit Rang 2 unter ihren Altersgenossinnen, Silvia Piske mit 2:44 Platz 5. Petra Mikolaizak walkte in 2:14 gar auf Platz 2 der Gesamtwertung!<br \/>\n<div id=\"attachment_1399\" style=\"width: 210px\" class=\"wp-caption alignnone\"><a href=\"https:\/\/tsvkuppingen.de\/lauftreff\/site\/wp-content\/uploads\/2010\/05\/Walker+flott+unterewega.JPG\"><img loading=\"lazy\" decoding=\"async\" aria-describedby=\"caption-attachment-1399\" src=\"https:\/\/tsvkuppingen.de\/lauftreff\/site\/wp-content\/uploads\/2010\/05\/Walker+flott+unterewega-200x300.jpg\" alt=\"Walker flott unterwegs\" title=\"Walker\" width=\"200\" height=\"300\" class=\"size-medium wp-image-1399\" srcset=\"https:\/\/tsvkuppingen.de\/lauftreff\/site\/wp-content\/uploads\/2010\/05\/Walker+flott+unterewega-200x300.jpg 200w, https:\/\/tsvkuppingen.de\/lauftreff\/site\/wp-content\/uploads\/2010\/05\/Walker+flott+unterewega.JPG 512w\" sizes=\"auto, (max-width: 200px) 100vw, 200px\" \/><\/a><p id=\"caption-attachment-1399\" class=\"wp-caption-text\">Walker flott unterwegs<\/p><\/div><\/p>\n<p>Auch bei den L\u00e4ufern gab es viele neue Bestzeiten auf der Halbmarathon-Strecke. Die Uhren von Uta Groeper (1:47), Hanni Stroh\u00e4ker (2:02), Elke Sautter (2:01) und Christoph Kopp (1:58) stoppten niemals zuvor schnellere Zeiten auf 21 km! Kuppingens Neuzugang Holger Wilms, letztes Jahr noch im Einsteigerkurs zu finden, wagte sich erstmals an die Halbmarathon-Distanz. Beim Deb\u00fct gleich eine Zeit von 1:55 einzulaufen, das kann sich wahrlich sehen lassen.<br \/>\nF\u00fcnf TSV-L\u00e4ufer hatten sich f\u00fcr den ganzen Marathon gemeldet. Nicht bei allen Lauftrefflern, die sich die 42,195 km vorgenommen hatten, lief es nach Plan. Albrecht Mayer konnte krankheitsbedingt nicht antreten, Thomas Schuker ging mit akuten Magen-Darm-Beschwerden nach Kilometer 24 aus dem Rennen und Thomas Lohrer blieb aufgrund schmerzender Kr\u00e4mpfe am Ende mit 4:04 weit hinter seiner anvisierten Zeit. Neuzugang Ulrich Bucher (3:32) und R\u00fcdiger G\u00f6ser (2:56) konnten jedoch beide den Marathon zufrieden beenden. Herman Gugel lief sogar ungeplant noch die zweite Runde und finishte nach 4:43!<br \/>\n<div id=\"attachment_1400\" style=\"width: 251px\" class=\"wp-caption alignnone\"><a href=\"https:\/\/tsvkuppingen.de\/lauftreff\/site\/wp-content\/uploads\/2010\/05\/Thomas+Lohrer+bei+km42.jpg\"><img loading=\"lazy\" decoding=\"async\" aria-describedby=\"caption-attachment-1400\" src=\"https:\/\/tsvkuppingen.de\/lauftreff\/site\/wp-content\/uploads\/2010\/05\/Thomas+Lohrer+bei+km42-241x300.jpg\" alt=\"Thomas Lohrer bei KM42\" title=\"Thomas\" width=\"241\" height=\"300\" class=\"size-medium wp-image-1400\" srcset=\"https:\/\/tsvkuppingen.de\/lauftreff\/site\/wp-content\/uploads\/2010\/05\/Thomas+Lohrer+bei+km42-241x300.jpg 241w, https:\/\/tsvkuppingen.de\/lauftreff\/site\/wp-content\/uploads\/2010\/05\/Thomas+Lohrer+bei+km42.jpg 617w\" sizes=\"auto, (max-width: 241px) 100vw, 241px\" \/><\/a><p id=\"caption-attachment-1400\" class=\"wp-caption-text\">Thomas Lohrer bei KM42<\/p><\/div><\/p>\n<p>Auf der gemeinsamen Heimfahrt im Bus merkte man neben den Laufstrapazen auch noch das fr\u00fche Aufstehen in den Knochen der Sportler.<br \/>\nDank unserem privaten Fotograf Erich Kienle, der immer wieder an der Strecke flei\u00dfig knipste, k\u00f6nnen wir die Erlebnisse des Laufes auch noch einmal bildlich genie\u00dfen.<\/p>\n","protected":false},"excerpt":{"rendered":"<p>W\u00fcrzburg Marathon Mit einer Reihe von beachtlichen Erfolgen kehrten die L\u00e4ufer und Walker des TSV Kuppingen aus W\u00fcrzburg zur\u00fcck. Besonders herausragende Ergebnisse konnten die Walker \u00fcber ihre 19 km Distanz erzielen. TSV Vorstandsvorsitzender Arthur Kohler belegte mit 2:39 den 3. Platz seiner Altersklasse. Seine Frau Gabi erreichte in der selben Zeit Rang 2 unter ihren [&hellip;]<\/p>\n","protected":false},"author":2,"featured_media":0,"parent":32,"menu_order":99801000,"comment_status":"open","ping_status":"open","template":"","meta":{"ngg_post_thumbnail":0,"footnotes":""},"class_list":["post-1401","page","type-page","status-publish","hentry"],"_links":{"self":[{"href":"https:\/\/tsvkuppingen.de\/lauftreff\/site\/index.php?rest_route=\/wp\/v2\/pages\/1401","targetHints":{"allow":["GET"]}}],"collection":[{"href":"https:\/\/tsvkuppingen.de\/lauftreff\/site\/index.php?rest_route=\/wp\/v2\/pages"}],"about":[{"href":"https:\/\/tsvkuppingen.de\/lauftreff\/site\/index.php?rest_route=\/wp\/v2\/types\/page"}],"author":[{"embeddable":true,"href":"https:\/\/tsvkuppingen.de\/lauftreff\/site\/index.php?rest_route=\/wp\/v2\/users\/2"}],"replies":[{"embeddable":true,"href":"https:\/\/tsvkuppingen.de\/lauftreff\/site\/index.php?rest_route=%2Fwp%2Fv2%2Fcomments&post=1401"}],"version-history":[{"count":7,"href":"https:\/\/tsvkuppingen.de\/lauftreff\/site\/index.php?rest_route=\/wp\/v2\/pages\/1401\/revisions"}],"predecessor-version":[{"id":7979,"href":"https:\/\/tsvkuppingen.de\/lauftreff\/site\/index.php?rest_route=\/wp\/v2\/pages\/1401\/revisions\/7979"}],"up":[{"embeddable":true,"href":"https:\/\/tsvkuppingen.de\/lauftreff\/site\/index.php?rest_route=\/wp\/v2\/pages\/32"}],"wp:attachment":[{"href":"https:\/\/tsvkuppingen.de\/lauftreff\/site\/index.php?rest_route=%2Fwp%2Fv2%2Fmedia&parent=1401"}],"curies":[{"name":"wp","href":"https:\/\/api.w.org\/{rel}","templated":true}]}}

<p><strong>Würzburg Marathon</strong></p>
<p>Mit einer Reihe von beachtlichen Erfolgen kehrten die Läufer und Walker des TSV Kuppingen aus Würzburg zurück. Besonders herausragende Ergebnisse konnten die Walker über ihre 19 km Distanz erzielen. TSV Vorstandsvorsitzender Arthur Kohler belegte mit 2:39 den 3. Platz seiner Altersklasse. Seine Frau Gabi erreichte in der selben Zeit Rang 2 unter ihren Altersgenossinnen, Silvia Piske mit 2:44 Platz 5. Petra Mikolaizak walkte in 2:14 gar auf Platz 2 der Gesamtwertung!<br />
<div id="attachment_1399" style="width: 210px" class="wp-caption alignnone"><a href="https://tsvkuppingen.de/lauftreff/site/wp-content/uploads/2010/05/Walker+flott+unterewega.JPG"><img loading="lazy" decoding="async" aria-describedby="caption-attachment-1399" src="https://tsvkuppingen.de/lauftreff/site/wp-content/uploads/2010/05/Walker+flott+unterewega-200x300.jpg" alt="Walker flott unterwegs" title="Walker" width="200" height="300" class="size-medium wp-image-1399" srcset="https://tsvkuppingen.de/lauftreff/site/wp-content/uploads/2010/05/Walker+flott+unterewega-200x300.jpg 200w, https://tsvkuppingen.de/lauftreff/site/wp-content/uploads/2010/05/Walker+flott+unterewega.JPG 512w" sizes="auto, (max-width: 200px) 100vw, 200px" /></a><p id="caption-attachment-1399" class="wp-caption-text">Walker flott unterwegs</p></div></p>
<p>Auch bei den Läufern gab es viele neue Bestzeiten auf der Halbmarathon-Strecke. Die Uhren von Uta Groeper (1:47), Hanni Strohäker (2:02), Elke Sautter (2:01) und Christoph Kopp (1:58) stoppten niemals zuvor schnellere Zeiten auf 21 km! Kuppingens Neuzugang Holger Wilms, letztes Jahr noch im Einsteigerkurs zu finden, wagte sich erstmals an die Halbmarathon-Distanz. Beim Debüt gleich eine Zeit von 1:55 einzulaufen, das kann sich wahrlich sehen lassen.<br />
Fünf TSV-Läufer hatten sich für den ganzen Marathon gemeldet. Nicht bei allen Lauftrefflern, die sich die 42,195 km vorgenommen hatten, lief es nach Plan. Albrecht Mayer konnte krankheitsbedingt nicht antreten, Thomas Schuker ging mit akuten Magen-Darm-Beschwerden nach Kilometer 24 aus dem Rennen und Thomas Lohrer blieb aufgrund schmerzender Krämpfe am Ende mit 4:04 weit hinter seiner anvisierten Zeit. Neuzugang Ulrich Bucher (3:32) und Rüdiger Göser (2:56) konnten jedoch beide den Marathon zufrieden beenden. Herman Gugel lief sogar ungeplant noch die zweite Runde und finishte nach 4:43!<br />
<div id="attachment_1400" style="width: 251px" class="wp-caption alignnone"><a href="https://tsvkuppingen.de/lauftreff/site/wp-content/uploads/2010/05/Thomas+Lohrer+bei+km42.jpg"><img loading="lazy" decoding="async" aria-describedby="caption-attachment-1400" src="https://tsvkuppingen.de/lauftreff/site/wp-content/uploads/2010/05/Thomas+Lohrer+bei+km42-241x300.jpg" alt="Thomas Lohrer bei KM42" title="Thomas" width="241" height="300" class="size-medium wp-image-1400" srcset="https://tsvkuppingen.de/lauftreff/site/wp-content/uploads/2010/05/Thomas+Lohrer+bei+km42-241x300.jpg 241w, https://tsvkuppingen.de/lauftreff/site/wp-content/uploads/2010/05/Thomas+Lohrer+bei+km42.jpg 617w" sizes="auto, (max-width: 241px) 100vw, 241px" /></a><p id="caption-attachment-1400" class="wp-caption-text">Thomas Lohrer bei KM42</p></div></p>
<p>Auf der gemeinsamen Heimfahrt im Bus merkte man neben den Laufstrapazen auch noch das frühe Aufstehen in den Knochen der Sportler.<br />
Dank unserem privaten Fotograf Erich Kienle, der immer wieder an der Strecke fleißig knipste, können wir die Erlebnisse des Laufes auch noch einmal bildlich genießen.</p>

<p>Würzburg Marathon Mit einer Reihe von beachtlichen Erfolgen kehrten die Läufer und Walker des TSV Kuppingen aus Würzburg zurück. Besonders herausragende Ergebnisse konnten die Walker über ihre 19 km Distanz erzielen. TSV Vorstandsvorsitzender Arthur Kohler belegte mit 2:39 den 3. Platz seiner Altersklasse. Seine Frau Gabi erreichte in der selben Zeit Rang 2 unter ihren [&hellip;]</p>
