{"id":1467,"date":"2010-07-29T16:26:29","date_gmt":"2010-07-29T14:26:29","guid":{"rendered":"http:\/\/tsvkuppingen.de\/lauftreff\/site\/?page_id=1467"},"modified":"2019-09-20T22:45:29","modified_gmt":"2019-09-20T20:45:29","slug":"23-07-2010","status":"publish","type":"page","link":"https:\/\/tsvkuppingen.de\/lauftreff\/site\/?page_id=1467","title":{"rendered":"23.07.2010"},"content":{"rendered":"<p><strong>Gaudi-Lauf 2010<\/strong><\/p>\n<p>Zwar lockte der diesj\u00e4hrige Gaudilauf am vergangenen Freitag bei \u00fcberwiegend regnerischem Wetter nur 8 Teams an den Start, das jedoch tat dem Spass der Teilnehmer auf dem Parcours keinen Abbruch. Nach einer 2,2 km langen Laufrunde hiess es gut zu zielen, denn 3 Tennisb\u00e4lle waren aus 4 m Entfernung in einem Eimer unterzubringen. F\u00fcr jeden Fehlwurf musste der L\u00e4ufer eine Strafrunde mit ca. 50 m absolvieren, bevor der Stab an das 2. Mannschaftsmitglied \u00fcbergeben werden durfte. Sieger war traditionsgem\u00e4ss nicht das schnellste, sondern dasjenige Team, welches seine Gesamtzeit am besten vorhergesagt hatte.<br \/>\nMit einer Differenz von 2:42 Min. zur gesch\u00e4tzten Zeit platzierte sich das Ehepaar Michael und Silvia Piske auf dem wohlverdienten 3. Platz. Thomas H\u00f6rrmann und Simone Maser (Team ThoSi), die letztj\u00e4hrigen Sieger, mischten auch dieses Jahr wieder ganz vorne mit und konnten sich mit einer Differenz von nur 30 Sekunden als zweitbestes Team pr\u00e4sentieren. Sieger wurden Mutter Gisela und Sohn Yannick Funk, die schon in den Vorjahren ihr exzellentes Sch\u00e4tz-<br \/>\nverm\u00f6gen unter Beweis stellen konnten. Dieses Mal hatten sich die Beiden nur um 4 Sekunden(!) versch\u00e4tzt, eine wahre Meisterleistung.<br \/>\nBeim anschliessenden Sommerfest konnten alle Teams ihre Urkunden und Preise unter tosendem Applaus entgegen nehmen. Hoffen wir einfach auf besseres Wetter im n\u00e4chsten Jahr, der Gaudilauf h\u00e4tte es zweifellos verdient.<br \/>\n<div id=\"attachment_1468\" style=\"width: 310px\" class=\"wp-caption alignnone\"><a href=\"https:\/\/tsvkuppingen.de\/lauftreff\/site\/wp-content\/uploads\/2010\/07\/Gaudilauf+2010.jpg\"><img loading=\"lazy\" decoding=\"async\" aria-describedby=\"caption-attachment-1468\" src=\"https:\/\/tsvkuppingen.de\/lauftreff\/site\/wp-content\/uploads\/2010\/07\/Gaudilauf+2010-300x254.jpg\" alt=\"Das Gaudi-Lauf Siegerteam Yannick und Gisela Funk\" title=\"Gaudilauf2010\" width=\"300\" height=\"254\" class=\"size-medium wp-image-1468\" srcset=\"https:\/\/tsvkuppingen.de\/lauftreff\/site\/wp-content\/uploads\/2010\/07\/Gaudilauf+2010-300x254.jpg 300w, https:\/\/tsvkuppingen.de\/lauftreff\/site\/wp-content\/uploads\/2010\/07\/Gaudilauf+2010-1024x867.jpg 1024w\" sizes=\"auto, (max-width: 300px) 100vw, 300px\" \/><\/a><p id=\"caption-attachment-1468\" class=\"wp-caption-text\">Das Gaudi-Lauf Siegerteam Yannick und Gisela Funk<\/p><\/div><\/p>\n<p>Ergebnisse:<br \/>\n(1. Zeit = gelaufene Zeit, 2. Zeit = gesch\u00e4tzte Zeit, 3.Zeit = Differenz)<\/p>\n<table style=\"text-align: left; width: 80%;\" border=\"0\\ncellpadding=\"0\" cellspacing=\"0\">\n<tbody>\n  <\/tr>\n<tr>\n<td style=\"width: 70%;\">1. Namenlos (Yannick Funk, Gisela Funk)<\/td>\n<td style=\"width: 10%;\">37:30<\/td>\n<td style=\"width: 10%;\">37:34<\/td>\n<td style=\"width: 10%;\">00:04<\/td>\n<\/tr>\n<tr>\n<td style=\"width: 70%;\">2. ThoSi (Th. H\u00f6rrmann, S. Maser)<\/td>\n<td style=\"width: 10%;\">33:33<\/td>\n<td style=\"width: 10%;\">33:03<\/td>\n<td style=\"width: 10%;\">00:30<\/td>\n<\/tr>\n<tr>\n<td style=\"width: 70%;\">3. Schneckenteam (S. Piske, M.Piske)<\/td>\n<td style=\"width: 10%;\">32:02<\/td>\n<td style=\"width: 10%;\">34:44<\/td>\n<td style=\"width: 10%;\">02:42<\/td>\n<\/tr>\n<tr>\n<td style=\"width: 70%;\">4. Ellu (Elke Sautter, Luca Sautter)<\/td>\n<td style=\"width: 10%;\">30:23<\/td>\n<td style=\"width: 10%;\">33:36<\/td>\n<td style=\"width: 10%;\">03:13<\/td>\n<\/tr>\n<tr>\n<td style=\"width: 70%;\">5. Die wilden Schukis (L. Schuker, I. Schechinger)<\/td>\n<td style=\"width: 10%;\">29:00<\/td>\n<td style=\"width: 10%;\">32:39<\/td>\n<td style=\"width: 10%;\">03:39<\/td>\n<\/tr>\n<tr>\n<td style=\"width: 70%;\">6. Magic-Team (L. Kohler, H. Rauner)<\/td>\n<td style=\"width: 10%;\">32:20<\/td>\n<td style=\"width: 10%;\">36:47<\/td>\n<td style=\"width: 10%;\">04:27<\/td>\n<\/tr>\n<tr>\n<td style=\"width: 70%;\">7. Die roten Renner (J.Schmid, P.Schmid)<\/td>\n<td style=\"width: 10%;\">27:02<\/td>\n<td style=\"width: 10%;\">32:00<\/td>\n<td style=\"width: 10%;\">04:58<\/td>\n<\/tr>\n<tr>\n<td style=\"width: 70%;\">8. Hannah und Papa (H.Koch, A. Mayer)<\/td>\n<td style=\"width: 10%;\">31:17<\/td>\n<td style=\"width: 10%;\">36:22<\/td>\n<td style=\"width: 10%;\">05:05<\/td>\n<\/tr>\n<\/tbody>\n<\/table>\n","protected":false},"excerpt":{"rendered":"<p>Gaudi-Lauf 2010 Zwar lockte der diesj\u00e4hrige Gaudilauf am vergangenen Freitag bei \u00fcberwiegend regnerischem Wetter nur 8 Teams an den Start, das jedoch tat dem Spass der Teilnehmer auf dem Parcours keinen Abbruch. Nach einer 2,2 km langen Laufrunde hiess es gut zu zielen, denn 3 Tennisb\u00e4lle waren aus 4 m Entfernung in einem Eimer unterzubringen. [&hellip;]<\/p>\n","protected":false},"author":2,"featured_media":0,"parent":32,"menu_order":99780000,"comment_status":"open","ping_status":"open","template":"","meta":{"ngg_post_thumbnail":0,"footnotes":""},"class_list":["post-1467","page","type-page","status-publish","hentry"],"_links":{"self":[{"href":"https:\/\/tsvkuppingen.de\/lauftreff\/site\/index.php?rest_route=\/wp\/v2\/pages\/1467","targetHints":{"allow":["GET"]}}],"collection":[{"href":"https:\/\/tsvkuppingen.de\/lauftreff\/site\/index.php?rest_route=\/wp\/v2\/pages"}],"about":[{"href":"https:\/\/tsvkuppingen.de\/lauftreff\/site\/index.php?rest_route=\/wp\/v2\/types\/page"}],"author":[{"embeddable":true,"href":"https:\/\/tsvkuppingen.de\/lauftreff\/site\/index.php?rest_route=\/wp\/v2\/users\/2"}],"replies":[{"embeddable":true,"href":"https:\/\/tsvkuppingen.de\/lauftreff\/site\/index.php?rest_route=%2Fwp%2Fv2%2Fcomments&post=1467"}],"version-history":[{"count":6,"href":"https:\/\/tsvkuppingen.de\/lauftreff\/site\/index.php?rest_route=\/wp\/v2\/pages\/1467\/revisions"}],"predecessor-version":[{"id":7975,"href":"https:\/\/tsvkuppingen.de\/lauftreff\/site\/index.php?rest_route=\/wp\/v2\/pages\/1467\/revisions\/7975"}],"up":[{"embeddable":true,"href":"https:\/\/tsvkuppingen.de\/lauftreff\/site\/index.php?rest_route=\/wp\/v2\/pages\/32"}],"wp:attachment":[{"href":"https:\/\/tsvkuppingen.de\/lauftreff\/site\/index.php?rest_route=%2Fwp%2Fv2%2Fmedia&parent=1467"}],"curies":[{"name":"wp","href":"https:\/\/api.w.org\/{rel}","templated":true}]}}