{"id":1484,"date":"2010-08-02T20:17:21","date_gmt":"2010-08-02T18:17:21","guid":{"rendered":"http:\/\/tsvkuppingen.de\/lauftreff\/site\/?page_id=1484"},"modified":"2019-09-20T22:45:02","modified_gmt":"2019-09-20T20:45:02","slug":"01-08-2010","status":"publish","type":"page","link":"https:\/\/tsvkuppingen.de\/lauftreff\/site\/?page_id=1484","title":{"rendered":"01.08.2010"},"content":{"rendered":"<p><strong>Blutige Ferse und jede Menge Erfahrung<\/strong><br \/>\nTobias Kocholl hat es nicht leicht. Erst qualifizierte er sich f\u00fcr die Teilnahme am <strong>1000m Lauf bei den W\u00fcrttembergischen Sch\u00fclermeisterschaften<\/strong> am 1.8. in Balingen, dann werden ihm jede Menge Hindernisse in den Weg gestellt. Nicht nur, dass ihn eine nachhaltige Erk\u00e4ltung 5 Tage vor den Meisterschaften ins Bett verbannte und er ein leichtes Training erst am Tag vor dem Wettkampf wieder durchf\u00fchren konnte. Nein, im Rennen selbst bekam er schon auf den ersten 100m den Schuh eines Mitkonkurrenten an seiner Ferse zu sp\u00fcren und ein kleines Rinnsal Blut begleitete ihn sodann \u00fcber die gesamte Laufstrecke. Doch Tobi lie\u00df sich von derartigen Widrigkeiten nicht davon abhalten \u201esein\u201c erstes gro\u00dfes Meisterschaftsrennen zu laufen und zu zeigen, dass er gemeinsam mit seiner Trainerin Gabi Manz gute Arbeit geleistet hat. Zwar konnte er diesmal seinen Trend, in jedem Rennen schneller zu sein als in dem zuvor, nicht fortsetzen, doch zeigte er mit einer <strong>Zeit von 2:58,61 min<\/strong>. dass er ein stabiler 1000m L\u00e4ufer geworden ist und man mit ihm zu rechnen hat, wenn er im Vollbesitz seiner Kr\u00e4fte ist. <strong>Rang 14 in der Landesmeisterschaft ist der erste Fingerzeig<\/strong> \u2013 wir freuen uns auf Weitere. <\/p>\n<div id=\"attachment_1487\" style=\"width: 211px\" class=\"wp-caption alignnone\"><a href=\"https:\/\/tsvkuppingen.de\/lauftreff\/site\/wp-content\/uploads\/2010\/08\/WLV_Sch\u00fcler.jpg\"><img loading=\"lazy\" decoding=\"async\" aria-describedby=\"caption-attachment-1487\" src=\"https:\/\/tsvkuppingen.de\/lauftreff\/site\/wp-content\/uploads\/2010\/08\/WLV_Sch\u00fcler-201x300.jpg\" alt=\"Tobias Kocholl mitten unter den Besten 1000m L\u00e4ufern im Lande\" title=\"WLV_Sch\u00fcler\" width=\"201\" height=\"300\" class=\"size-medium wp-image-1487\" srcset=\"https:\/\/tsvkuppingen.de\/lauftreff\/site\/wp-content\/uploads\/2010\/08\/WLV_Sch\u00fcler-201x300.jpg 201w, https:\/\/tsvkuppingen.de\/lauftreff\/site\/wp-content\/uploads\/2010\/08\/WLV_Sch\u00fcler.jpg 670w\" sizes=\"auto, (max-width: 201px) 100vw, 201px\" \/><\/a><p id=\"caption-attachment-1487\" class=\"wp-caption-text\">Tobias Kocholl mitten unter den Besten 1000m L\u00e4ufern im Lande<\/p><\/div>\n","protected":false},"excerpt":{"rendered":"<p>Blutige Ferse und jede Menge Erfahrung Tobias Kocholl hat es nicht leicht. Erst qualifizierte er sich f\u00fcr die Teilnahme am 1000m Lauf bei den W\u00fcrttembergischen Sch\u00fclermeisterschaften am 1.8. in Balingen, dann werden ihm jede Menge Hindernisse in den Weg gestellt. Nicht nur, dass ihn eine nachhaltige Erk\u00e4ltung 5 Tage vor den Meisterschaften ins Bett verbannte [&hellip;]<\/p>\n","protected":false},"author":2,"featured_media":0,"parent":32,"menu_order":99770000,"comment_status":"open","ping_status":"open","template":"","meta":{"ngg_post_thumbnail":0,"footnotes":""},"class_list":["post-1484","page","type-page","status-publish","hentry"],"_links":{"self":[{"href":"https:\/\/tsvkuppingen.de\/lauftreff\/site\/index.php?rest_route=\/wp\/v2\/pages\/1484","targetHints":{"allow":["GET"]}}],"collection":[{"href":"https:\/\/tsvkuppingen.de\/lauftreff\/site\/index.php?rest_route=\/wp\/v2\/pages"}],"about":[{"href":"https:\/\/tsvkuppingen.de\/lauftreff\/site\/index.php?rest_route=\/wp\/v2\/types\/page"}],"author":[{"embeddable":true,"href":"https:\/\/tsvkuppingen.de\/lauftreff\/site\/index.php?rest_route=\/wp\/v2\/users\/2"}],"replies":[{"embeddable":true,"href":"https:\/\/tsvkuppingen.de\/lauftreff\/site\/index.php?rest_route=%2Fwp%2Fv2%2Fcomments&post=1484"}],"version-history":[{"count":7,"href":"https:\/\/tsvkuppingen.de\/lauftreff\/site\/index.php?rest_route=\/wp\/v2\/pages\/1484\/revisions"}],"predecessor-version":[{"id":7974,"href":"https:\/\/tsvkuppingen.de\/lauftreff\/site\/index.php?rest_route=\/wp\/v2\/pages\/1484\/revisions\/7974"}],"up":[{"embeddable":true,"href":"https:\/\/tsvkuppingen.de\/lauftreff\/site\/index.php?rest_route=\/wp\/v2\/pages\/32"}],"wp:attachment":[{"href":"https:\/\/tsvkuppingen.de\/lauftreff\/site\/index.php?rest_route=%2Fwp%2Fv2%2Fmedia&parent=1484"}],"curies":[{"name":"wp","href":"https:\/\/api.w.org\/{rel}","templated":true}]}}

<p><strong>Blutige Ferse und jede Menge Erfahrung</strong><br />
Tobias Kocholl hat es nicht leicht. Erst qualifizierte er sich für die Teilnahme am <strong>1000m Lauf bei den Württembergischen Schülermeisterschaften</strong> am 1.8. in Balingen, dann werden ihm jede Menge Hindernisse in den Weg gestellt. Nicht nur, dass ihn eine nachhaltige Erkältung 5 Tage vor den Meisterschaften ins Bett verbannte und er ein leichtes Training erst am Tag vor dem Wettkampf wieder durchführen konnte. Nein, im Rennen selbst bekam er schon auf den ersten 100m den Schuh eines Mitkonkurrenten an seiner Ferse zu spüren und ein kleines Rinnsal Blut begleitete ihn sodann über die gesamte Laufstrecke. Doch Tobi ließ sich von derartigen Widrigkeiten nicht davon abhalten „sein“ erstes großes Meisterschaftsrennen zu laufen und zu zeigen, dass er gemeinsam mit seiner Trainerin Gabi Manz gute Arbeit geleistet hat. Zwar konnte er diesmal seinen Trend, in jedem Rennen schneller zu sein als in dem zuvor, nicht fortsetzen, doch zeigte er mit einer <strong>Zeit von 2:58,61 min</strong>. dass er ein stabiler 1000m Läufer geworden ist und man mit ihm zu rechnen hat, wenn er im Vollbesitz seiner Kräfte ist. <strong>Rang 14 in der Landesmeisterschaft ist der erste Fingerzeig</strong> – wir freuen uns auf Weitere. </p>
<div id="attachment_1487" style="width: 211px" class="wp-caption alignnone"><a href="https://tsvkuppingen.de/lauftreff/site/wp-content/uploads/2010/08/WLV_Schüler.jpg"><img loading="lazy" decoding="async" aria-describedby="caption-attachment-1487" src="https://tsvkuppingen.de/lauftreff/site/wp-content/uploads/2010/08/WLV_Schüler-201x300.jpg" alt="Tobias Kocholl mitten unter den Besten 1000m Läufern im Lande" title="WLV_Schüler" width="201" height="300" class="size-medium wp-image-1487" srcset="https://tsvkuppingen.de/lauftreff/site/wp-content/uploads/2010/08/WLV_Schüler-201x300.jpg 201w, https://tsvkuppingen.de/lauftreff/site/wp-content/uploads/2010/08/WLV_Schüler.jpg 670w" sizes="auto, (max-width: 201px) 100vw, 201px" /></a><p id="caption-attachment-1487" class="wp-caption-text">Tobias Kocholl mitten unter den Besten 1000m Läufern im Lande</p></div>

<p>Blutige Ferse und jede Menge Erfahrung Tobias Kocholl hat es nicht leicht. Erst qualifizierte er sich für die Teilnahme am 1000m Lauf bei den Württembergischen Schülermeisterschaften am 1.8. in Balingen, dann werden ihm jede Menge Hindernisse in den Weg gestellt. Nicht nur, dass ihn eine nachhaltige Erkältung 5 Tage vor den Meisterschaften ins Bett verbannte [&hellip;]</p>
