{"id":1992,"date":"2011-06-24T23:43:11","date_gmt":"2011-06-24T21:43:11","guid":{"rendered":"http:\/\/tsvkuppingen.de\/lauftreff\/site\/?page_id=1992"},"modified":"2019-02-10T20:53:12","modified_gmt":"2019-02-10T19:53:12","slug":"newsletters","status":"publish","type":"page","link":"https:\/\/tsvkuppingen.de\/lauftreff\/site\/?page_id=1992","title":{"rendered":"Newsletters"},"content":{"rendered":"<p>+ + + + +  Prolog vom 10.02.2019 zum 8. Altstadtlauf Herrenberg am 29. Juni 2019  + + + + + <\/p>\n<p>Hallo liebe L\u00e4uferinnen und L\u00e4ufer,<br \/>\nes ist wieder soweit, das Ende der Langeweile hat einen Namen :<\/p>\n<p>Am<strong> 29. Juni 2019<\/strong> startet die 8. Ausgabe des Herrenberger Altstadtlaufs &#8211;<br \/>\ntraditionell an einem<strong> Samstag, Startschuss ca. 15 Uhr<\/strong> und wieder mit einem attraktiven Rahmenprogramm.<\/p>\n<p>Auch in diesem Jahr sind <strong>100 Startpl\u00e4tze<\/strong> zu vergeben. <strong>Ab 17. M\u00e4rz 2019 0:00 Uh<\/strong>r k\u00f6nnt Ihr Euer Team sowie den\/die Mannschaftskapit\u00e4n*in anmelden. <strong>Die Namen der einzelnen L\u00e4ufer*innen eurer Mannschaft k\u00f6nnt ihr vom 03. Juni bis 23. Juni 2019 melden.<\/strong><\/p>\n<p>Bitte beachtet, dass Eure <strong>Anmeldung<\/strong> erst mit Eingang des <strong>Startgeldes in H\u00f6he von 130,- \u20ac<\/strong> wirksam wird.<br \/>\nDas Konto, auf welches ihr \u00fcberweisen m\u00fcsst, wird ebenfalls am 17. M\u00e4rz auf dem Anmeldeportal ver\u00f6ffentlicht<br \/>\n<strong>www.altstadtlauf-herrenberg.de &#8211; Anmeldung\/Teilnehmer<\/strong>.<\/p>\n<p><strong>WICHTIG<\/strong> ist, dass Ihr bei der \u00dcberweisung als <strong>Verwendungszweck &#8222;Altstadtlauf&#8220;<\/strong> und den <strong>Namen Eures Teams<\/strong> angebt!<\/p>\n<p>Genauere Infos zum Lauf gibt&#8217;s rechtzeitig in der <strong>Presse<\/strong> (G\u00c4UBOTE) und in den weiteren <strong>Altstadtlauf-Newsletters<\/strong> sowie nat\u00fcrlich schon heute auf <strong>www.altstadtlauf-herrenberg.de &#8211; Ausschreibung 2019<\/strong><\/p>\n<p>Herzliche Gr\u00fc\u00dfe und viele gute Trainingsl\u00e4ufe!<\/p>\n<p>Altstadtlauf Herrenberg eV und TSV Kuppingen Lauftreff<br \/>\nClivia Schuker<br \/>\nErich Kienle<\/p>\n<p><!-- ... demn\u00e4chst erscheint hier ein Prolog zum 8. Altstadtlauf Herrenberg, der gleichzeitig als eMail an die Kapit\u00e4ne des letzten Altstadtlaufs in 2017 gehen wird. \n\n \nTSV Kuppingen Lauftreff \nClivia Schuker\nErich Kienle  --><\/p>\n","protected":false},"excerpt":{"rendered":"<p>+ + + + + Prolog vom 10.02.2019 zum 8. Altstadtlauf Herrenberg am 29. Juni 2019 + + + + + Hallo liebe L\u00e4uferinnen und L\u00e4ufer, es ist wieder soweit, das Ende der Langeweile hat einen Namen : Am 29. Juni 2019 startet die 8. Ausgabe des Herrenberger Altstadtlaufs &#8211; traditionell an einem Samstag, Startschuss [&hellip;]<\/p>\n","protected":false},"author":4,"featured_media":0,"parent":13,"menu_order":2,"comment_status":"open","ping_status":"open","template":"","meta":{"ngg_post_thumbnail":0,"footnotes":""},"class_list":["post-1992","page","type-page","status-publish","hentry"],"_links":{"self":[{"href":"https:\/\/tsvkuppingen.de\/lauftreff\/site\/index.php?rest_route=\/wp\/v2\/pages\/1992","targetHints":{"allow":["GET"]}}],"collection":[{"href":"https:\/\/tsvkuppingen.de\/lauftreff\/site\/index.php?rest_route=\/wp\/v2\/pages"}],"about":[{"href":"https:\/\/tsvkuppingen.de\/lauftreff\/site\/index.php?rest_route=\/wp\/v2\/types\/page"}],"author":[{"embeddable":true,"href":"https:\/\/tsvkuppingen.de\/lauftreff\/site\/index.php?rest_route=\/wp\/v2\/users\/4"}],"replies":[{"embeddable":true,"href":"https:\/\/tsvkuppingen.de\/lauftreff\/site\/index.php?rest_route=%2Fwp%2Fv2%2Fcomments&post=1992"}],"version-history":[{"count":64,"href":"https:\/\/tsvkuppingen.de\/lauftreff\/site\/index.php?rest_route=\/wp\/v2\/pages\/1992\/revisions"}],"predecessor-version":[{"id":2009,"href":"https:\/\/tsvkuppingen.de\/lauftreff\/site\/index.php?rest_route=\/wp\/v2\/pages\/1992\/revisions\/2009"}],"up":[{"embeddable":true,"href":"https:\/\/tsvkuppingen.de\/lauftreff\/site\/index.php?rest_route=\/wp\/v2\/pages\/13"}],"wp:attachment":[{"href":"https:\/\/tsvkuppingen.de\/lauftreff\/site\/index.php?rest_route=%2Fwp%2Fv2%2Fmedia&parent=1992"}],"curies":[{"name":"wp","href":"https:\/\/api.w.org\/{rel}","templated":true}]}}