{"id":2265,"date":"2011-11-07T21:18:27","date_gmt":"2011-11-07T19:18:27","guid":{"rendered":"http:\/\/tsvkuppingen.de\/lauftreff\/site\/?page_id=2265"},"modified":"2019-09-20T22:29:20","modified_gmt":"2019-09-20T20:29:20","slug":"06-11-2011","status":"publish","type":"page","link":"https:\/\/tsvkuppingen.de\/lauftreff\/site\/?page_id=2265","title":{"rendered":"06.11.2011"},"content":{"rendered":"<p><strong>Hohenzollern Berglauf<\/strong><\/p>\n<p>Was f\u00fcr eine wundersch\u00f6ne Kulisse f\u00fcr einen Lauf! Der Hohenzollern, erhaben steht er hoch \u00fcber Hechingen. Zu sehen war davon vergangenen Sonntag beim Start des 27. Hohenzollern Berglaufs allerdings nichts. Dichte Nebelschwaden machten eine Fernsicht unm\u00f6glich. \u201eWarte nur, da oben strahlt die Sonne\u201c scherzt ein L\u00e4ufer vor dem Start. 8,1 Kilometer und 365 H\u00f6henmeter mussten die L\u00e4ufer bew\u00e4ltigen, dann erreichten sie die Ziellinie direkt im Burghof. Die letzten Meter \u00fcber Pflastersteine, durch Burgtore hindurch, windet sich die beeindruckende Strecke entlang von dicken Festungsmauern.<br \/>\nUnd tats\u00e4chlich! Ab Kilometer sechs waren die Nebelschwaden der Sonne gewichen. Die Burg vor strahlend blauem Himmel! Das jedoch war wohl eher f\u00fcr die Zuschauer von Bedeutung. Die L\u00e4ufer hatten noch keinen Blick f\u00fcr die atemberaubende Aussicht. Mit unter den 434 Finishern am Hohenzollern war Thomas Schuker vom Kuppinger Lauftreff. Er hat sich sein Rennen gut eingeteilt, konnte die letzten vier knackig ansteigenden Kilometer noch f\u00fcr \u00dcberholman\u00f6ver nutzen und war mit seiner Zeit knapp \u00fcber 40 Minuten absolut zufrieden. \u201eIch hatte aus den Zuschauerreihen was geh\u00f6rt von 100ster&#8230; da wollt ich noch mal Gas geben um wenigstens noch 99ster zu werden\u201c erz\u00e4hlte er nach kurzer Erholungspause im Burghof. Na das hat sich doch noch mal geloht! Beim zur\u00fcck laufen hatte dann auch er einen Blick f\u00fcr die wundervolle Landschaft der schw\u00e4bischen Alb. Allerdings auch nur solange, bis er wieder in die Nebelschwaden abtauchte. <\/p>\n<div id=\"attachment_2266\" style=\"width: 210px\" class=\"wp-caption alignnone\"><a href=\"https:\/\/tsvkuppingen.de\/lauftreff\/site\/wp-content\/uploads\/2011\/11\/Hohenzollern.jpg\"><img loading=\"lazy\" decoding=\"async\" aria-describedby=\"caption-attachment-2266\" src=\"https:\/\/tsvkuppingen.de\/lauftreff\/site\/wp-content\/uploads\/2011\/11\/Hohenzollern-200x300.jpg\" alt=\"Thomas Schuker (links) gibt noch mal Gas\" title=\"Hohenzollern\" width=\"200\" height=\"300\" class=\"size-medium wp-image-2266\" srcset=\"https:\/\/tsvkuppingen.de\/lauftreff\/site\/wp-content\/uploads\/2011\/11\/Hohenzollern-200x300.jpg 200w, https:\/\/tsvkuppingen.de\/lauftreff\/site\/wp-content\/uploads\/2011\/11\/Hohenzollern.jpg 320w\" sizes=\"auto, (max-width: 200px) 100vw, 200px\" \/><\/a><p id=\"caption-attachment-2266\" class=\"wp-caption-text\">Thomas Schuker (links) gibt noch mal Gas<\/p><\/div>\n<table style=\"text-align: left; width: 80%;\" border=\"0\\ncellpadding=\"0\" cellspacing=\"0\">\n<tbody>\n  <\/tr>\n<tr>\n<td style=\"width: 10%;\">95<\/td>\n<td style=\"width: 40%;\">Schuker, Thomas<\/td>\n<td style=\"width: 15%;\">40:13<\/td>\n<td style=\"width: 15%;\">19. M40<\/td>\n<\/tr>\n<\/tbody>\n<\/table>\n","protected":false},"excerpt":{"rendered":"<p>Hohenzollern Berglauf Was f\u00fcr eine wundersch\u00f6ne Kulisse f\u00fcr einen Lauf! Der Hohenzollern, erhaben steht er hoch \u00fcber Hechingen. Zu sehen war davon vergangenen Sonntag beim Start des 27. Hohenzollern Berglaufs allerdings nichts. Dichte Nebelschwaden machten eine Fernsicht unm\u00f6glich. \u201eWarte nur, da oben strahlt die Sonne\u201c scherzt ein L\u00e4ufer vor dem Start. 8,1 Kilometer und 365 [&hellip;]<\/p>\n","protected":false},"author":2,"featured_media":0,"parent":32,"menu_order":99630000,"comment_status":"open","ping_status":"open","template":"","meta":{"ngg_post_thumbnail":0,"footnotes":""},"class_list":["post-2265","page","type-page","status-publish","hentry"],"_links":{"self":[{"href":"https:\/\/tsvkuppingen.de\/lauftreff\/site\/index.php?rest_route=\/wp\/v2\/pages\/2265","targetHints":{"allow":["GET"]}}],"collection":[{"href":"https:\/\/tsvkuppingen.de\/lauftreff\/site\/index.php?rest_route=\/wp\/v2\/pages"}],"about":[{"href":"https:\/\/tsvkuppingen.de\/lauftreff\/site\/index.php?rest_route=\/wp\/v2\/types\/page"}],"author":[{"embeddable":true,"href":"https:\/\/tsvkuppingen.de\/lauftreff\/site\/index.php?rest_route=\/wp\/v2\/users\/2"}],"replies":[{"embeddable":true,"href":"https:\/\/tsvkuppingen.de\/lauftreff\/site\/index.php?rest_route=%2Fwp%2Fv2%2Fcomments&post=2265"}],"version-history":[{"count":4,"href":"https:\/\/tsvkuppingen.de\/lauftreff\/site\/index.php?rest_route=\/wp\/v2\/pages\/2265\/revisions"}],"predecessor-version":[{"id":7955,"href":"https:\/\/tsvkuppingen.de\/lauftreff\/site\/index.php?rest_route=\/wp\/v2\/pages\/2265\/revisions\/7955"}],"up":[{"embeddable":true,"href":"https:\/\/tsvkuppingen.de\/lauftreff\/site\/index.php?rest_route=\/wp\/v2\/pages\/32"}],"wp:attachment":[{"href":"https:\/\/tsvkuppingen.de\/lauftreff\/site\/index.php?rest_route=%2Fwp%2Fv2%2Fmedia&parent=2265"}],"curies":[{"name":"wp","href":"https:\/\/api.w.org\/{rel}","templated":true}]}}

<p><strong>Hohenzollern Berglauf</strong></p>
<p>Was für eine wunderschöne Kulisse für einen Lauf! Der Hohenzollern, erhaben steht er hoch über Hechingen. Zu sehen war davon vergangenen Sonntag beim Start des 27. Hohenzollern Berglaufs allerdings nichts. Dichte Nebelschwaden machten eine Fernsicht unmöglich. „Warte nur, da oben strahlt die Sonne“ scherzt ein Läufer vor dem Start. 8,1 Kilometer und 365 Höhenmeter mussten die Läufer bewältigen, dann erreichten sie die Ziellinie direkt im Burghof. Die letzten Meter über Pflastersteine, durch Burgtore hindurch, windet sich die beeindruckende Strecke entlang von dicken Festungsmauern.<br />
Und tatsächlich! Ab Kilometer sechs waren die Nebelschwaden der Sonne gewichen. Die Burg vor strahlend blauem Himmel! Das jedoch war wohl eher für die Zuschauer von Bedeutung. Die Läufer hatten noch keinen Blick für die atemberaubende Aussicht. Mit unter den 434 Finishern am Hohenzollern war Thomas Schuker vom Kuppinger Lauftreff. Er hat sich sein Rennen gut eingeteilt, konnte die letzten vier knackig ansteigenden Kilometer noch für Überholmanöver nutzen und war mit seiner Zeit knapp über 40 Minuten absolut zufrieden. „Ich hatte aus den Zuschauerreihen was gehört von 100ster&#8230; da wollt ich noch mal Gas geben um wenigstens noch 99ster zu werden“ erzählte er nach kurzer Erholungspause im Burghof. Na das hat sich doch noch mal geloht! Beim zurück laufen hatte dann auch er einen Blick für die wundervolle Landschaft der schwäbischen Alb. Allerdings auch nur solange, bis er wieder in die Nebelschwaden abtauchte. </p>
<div id="attachment_2266" style="width: 210px" class="wp-caption alignnone"><a href="https://tsvkuppingen.de/lauftreff/site/wp-content/uploads/2011/11/Hohenzollern.jpg"><img loading="lazy" decoding="async" aria-describedby="caption-attachment-2266" src="https://tsvkuppingen.de/lauftreff/site/wp-content/uploads/2011/11/Hohenzollern-200x300.jpg" alt="Thomas Schuker (links) gibt noch mal Gas" title="Hohenzollern" width="200" height="300" class="size-medium wp-image-2266" srcset="https://tsvkuppingen.de/lauftreff/site/wp-content/uploads/2011/11/Hohenzollern-200x300.jpg 200w, https://tsvkuppingen.de/lauftreff/site/wp-content/uploads/2011/11/Hohenzollern.jpg 320w" sizes="auto, (max-width: 200px) 100vw, 200px" /></a><p id="caption-attachment-2266" class="wp-caption-text">Thomas Schuker (links) gibt noch mal Gas</p></div>
<table style="text-align: left; width: 80%;" border="0\ncellpadding="0" cellspacing="0">
<tbody>
  </tr>
<tr>
<td style="width: 10%;">95</td>
<td style="width: 40%;">Schuker, Thomas</td>
<td style="width: 15%;">40:13</td>
<td style="width: 15%;">19. M40</td>
</tr>
</tbody>
</table>

<p>Hohenzollern Berglauf Was für eine wunderschöne Kulisse für einen Lauf! Der Hohenzollern, erhaben steht er hoch über Hechingen. Zu sehen war davon vergangenen Sonntag beim Start des 27. Hohenzollern Berglaufs allerdings nichts. Dichte Nebelschwaden machten eine Fernsicht unmöglich. „Warte nur, da oben strahlt die Sonne“ scherzt ein Läufer vor dem Start. 8,1 Kilometer und 365 [&hellip;]</p>
