{"id":2607,"date":"2012-07-13T18:47:47","date_gmt":"2012-07-13T16:47:47","guid":{"rendered":"http:\/\/tsvkuppingen.de\/lauftreff\/site\/?page_id=2607"},"modified":"2019-09-20T22:25:32","modified_gmt":"2019-09-20T20:25:32","slug":"08-07-2012","status":"publish","type":"page","link":"https:\/\/tsvkuppingen.de\/lauftreff\/site\/?page_id=2607","title":{"rendered":"08.07.2012"},"content":{"rendered":"<p><strong>Helfer genie\u00dfen Brunch im Krabbanest<\/strong><\/p>\n<p>Viele flei\u00dfige Helfer stehen dem Lauftreff immer wieder treu zur Seite. Dass das nicht selbstverst\u00e4ndlich ist wissen die Organisatoren der TSV Abteilung. Als kleines Dankesch\u00f6n wurden alle Flei\u00dfigen ins Holzbronner Krabbanest zum Sonntags-Brunch eingeladen. Nahezu 70 Freunde des Lauftreffs sind der Einladung gefolgt und genossen allerlei Leckeres vom reichhaltigen Buffet. Ihnen, und auch allen Helfern die nicht teilnehmen konnten, gilt der besondere Dank f\u00fcr ihren unerm\u00fcdlichen Einsatz, egal ob beim Mondf\u00e4ngerlauf oder dem Trainingsbetrieb \u00fcber das ganze Jahr.<\/p>\n<div id=\"attachment_2608\" style=\"width: 310px\" class=\"wp-caption alignnone\"><a href=\"https:\/\/tsvkuppingen.de\/lauftreff\/site\/wp-content\/uploads\/2012\/07\/201207081939031_3842.jpg.jpg\"><img loading=\"lazy\" decoding=\"async\" aria-describedby=\"caption-attachment-2608\" src=\"https:\/\/tsvkuppingen.de\/lauftreff\/site\/wp-content\/uploads\/2012\/07\/201207081939031_3842.jpg-300x200.jpg\" alt=\"Helfer-Brunch in uriger Atmosph\u00e4re\" title=\"Helfer-Brunch in uriger Atmosph\u00e4re\" width=\"300\" height=\"200\" class=\"size-medium wp-image-2608\" srcset=\"https:\/\/tsvkuppingen.de\/lauftreff\/site\/wp-content\/uploads\/2012\/07\/201207081939031_3842.jpg-300x200.jpg 300w, https:\/\/tsvkuppingen.de\/lauftreff\/site\/wp-content\/uploads\/2012\/07\/201207081939031_3842.jpg.jpg 480w\" sizes=\"auto, (max-width: 300px) 100vw, 300px\" \/><\/a><p id=\"caption-attachment-2608\" class=\"wp-caption-text\">Helfer-Brunch in uriger Atmosph\u00e4re<\/p><\/div>\n","protected":false},"excerpt":{"rendered":"<p>Helfer genie\u00dfen Brunch im Krabbanest Viele flei\u00dfige Helfer stehen dem Lauftreff immer wieder treu zur Seite. Dass das nicht selbstverst\u00e4ndlich ist wissen die Organisatoren der TSV Abteilung. Als kleines Dankesch\u00f6n wurden alle Flei\u00dfigen ins Holzbronner Krabbanest zum Sonntags-Brunch eingeladen. Nahezu 70 Freunde des Lauftreffs sind der Einladung gefolgt und genossen allerlei Leckeres vom reichhaltigen Buffet. [&hellip;]<\/p>\n","protected":false},"author":2,"featured_media":0,"parent":32,"menu_order":99510000,"comment_status":"open","ping_status":"open","template":"","meta":{"ngg_post_thumbnail":0,"footnotes":""},"class_list":["post-2607","page","type-page","status-publish","hentry"],"_links":{"self":[{"href":"https:\/\/tsvkuppingen.de\/lauftreff\/site\/index.php?rest_route=\/wp\/v2\/pages\/2607","targetHints":{"allow":["GET"]}}],"collection":[{"href":"https:\/\/tsvkuppingen.de\/lauftreff\/site\/index.php?rest_route=\/wp\/v2\/pages"}],"about":[{"href":"https:\/\/tsvkuppingen.de\/lauftreff\/site\/index.php?rest_route=\/wp\/v2\/types\/page"}],"author":[{"embeddable":true,"href":"https:\/\/tsvkuppingen.de\/lauftreff\/site\/index.php?rest_route=\/wp\/v2\/users\/2"}],"replies":[{"embeddable":true,"href":"https:\/\/tsvkuppingen.de\/lauftreff\/site\/index.php?rest_route=%2Fwp%2Fv2%2Fcomments&post=2607"}],"version-history":[{"count":4,"href":"https:\/\/tsvkuppingen.de\/lauftreff\/site\/index.php?rest_route=\/wp\/v2\/pages\/2607\/revisions"}],"predecessor-version":[{"id":7944,"href":"https:\/\/tsvkuppingen.de\/lauftreff\/site\/index.php?rest_route=\/wp\/v2\/pages\/2607\/revisions\/7944"}],"up":[{"embeddable":true,"href":"https:\/\/tsvkuppingen.de\/lauftreff\/site\/index.php?rest_route=\/wp\/v2\/pages\/32"}],"wp:attachment":[{"href":"https:\/\/tsvkuppingen.de\/lauftreff\/site\/index.php?rest_route=%2Fwp%2Fv2%2Fmedia&parent=2607"}],"curies":[{"name":"wp","href":"https:\/\/api.w.org\/{rel}","templated":true}]}}