{"id":2629,"date":"2012-07-29T17:36:42","date_gmt":"2012-07-29T15:36:42","guid":{"rendered":"http:\/\/tsvkuppingen.de\/lauftreff\/site\/?page_id=2629"},"modified":"2019-09-20T22:25:04","modified_gmt":"2019-09-20T20:25:04","slug":"21-07-2012","status":"publish","type":"page","link":"https:\/\/tsvkuppingen.de\/lauftreff\/site\/?page_id=2629","title":{"rendered":"21.07.2012"},"content":{"rendered":"<p><strong>Staffellauf von Kuppingen zum Biberacher Sch\u00fctzenfest<\/strong><br \/>\nAm 21. Juli machten sich um 6:00 Uhr 7 L\u00e4uferinnen und L\u00e4ufer mit zwei Fahrradbegleitern joggend auf die 14 Etappen von Kuppingen nach Biberach zum Sch\u00fctzenfest. Durchs Ammertal ging es nach T\u00fcbingen und durchs Kressbachtal nach Gomaringen und Genkingen. Dort kam dann das sportliche Filet-St\u00fcck des Laufes: Von Genkingen ging es hinauf zum Rossberg mit fast 300 H\u00f6henmeter und stellenweise 19% Steigung. Oben ging es dann weiter \u00fcber Engstingen nach Marbach und dann mehr als 30km im wundersch\u00f6nen Lautertal vorbei an Burgen und Ruinen entlang der frei m\u00e4andrierenden Lauter hinab bis nach Obermarchtal an die Donau. Wer dann aber glaubte, das Schlimmste h\u00e4tten wir hinter uns, der kannte nicht die oberschw\u00e4bische Mor\u00e4nelandschaft, wo es auf den einen H\u00fcgel hinauf und gleich wieder hinab ging, um dann schon wieder den n\u00e4chsten Anstieg zu erklimmen. Doch in 11 Stunden 30 Minuten sind wir nach 124km gl\u00fccklich in Biberach eingelaufen &#8211; 30 Minuten schneller als geplant.<br \/>\nWar der  Start in Kuppingen noch bei Regen, so war es dann am Ziel in Biberach sonniges Sch\u00fctzenwetter. Mit einer warmen Jacke genossen die Erwachsenen den Abend unter den Linden im Biberkeller und die Kinder im Tross erfreuten sich an den Fahrgesch\u00e4ften des Rummelplatzes. Am Sonntagvormittag schauten wir bei sch\u00f6nstem Sonnenschein den historischen Sch\u00fctzenfestumzug an. Danach sa\u00dfen wir bei Schwarzer Wurst und Saumagen im Bauernlager des Baltringer Haufens &#8211; ach ja, und Bier gab es auch.<\/p>\n<div id=\"attachment_2630\" style=\"width: 309px\" class=\"wp-caption alignnone\"><a href=\"https:\/\/tsvkuppingen.de\/lauftreff\/site\/wp-content\/uploads\/2012\/07\/Bericht_Amtsblatt.jpg\"><img loading=\"lazy\" decoding=\"async\" aria-describedby=\"caption-attachment-2630\" src=\"https:\/\/tsvkuppingen.de\/lauftreff\/site\/wp-content\/uploads\/2012\/07\/Bericht_Amtsblatt-299x300.jpg\" alt=\"Am Ziel in Biberach: Wolfram Uhl, Peter Loos (Fahrrad), Christoph Kopp, Enrico Ihde, Albrecht Mayer, Heike Reichert, Reinhold Holzm\u00fcller (Fahrrad) und Walter Uhl. Nicht auf dem Bild sind Michael Juhasz, Hans Rauner und Esther Hauth\" title=\"Staffell\u00e4ufer\" width=\"299\" height=\"300\" class=\"size-medium wp-image-2630\" srcset=\"https:\/\/tsvkuppingen.de\/lauftreff\/site\/wp-content\/uploads\/2012\/07\/Bericht_Amtsblatt-299x300.jpg 299w, https:\/\/tsvkuppingen.de\/lauftreff\/site\/wp-content\/uploads\/2012\/07\/Bericht_Amtsblatt-150x150.jpg 150w, https:\/\/tsvkuppingen.de\/lauftreff\/site\/wp-content\/uploads\/2012\/07\/Bericht_Amtsblatt.jpg 997w\" sizes=\"auto, (max-width: 299px) 100vw, 299px\" \/><\/a><p id=\"caption-attachment-2630\" class=\"wp-caption-text\">Am Ziel in Biberach: Wolfram Uhl, Peter Loos (Fahrrad), Christoph Kopp, Enrico Ihde, Albrecht Mayer, Heike Reichert, Reinhold Holzm\u00fcller (Fahrrad) und Walter Uhl. Nicht auf dem Bild sind Michael Juhasz, Hans Rauner und Esther Hauth<\/p><\/div>\n","protected":false},"excerpt":{"rendered":"<p>Staffellauf von Kuppingen zum Biberacher Sch\u00fctzenfest Am 21. Juli machten sich um 6:00 Uhr 7 L\u00e4uferinnen und L\u00e4ufer mit zwei Fahrradbegleitern joggend auf die 14 Etappen von Kuppingen nach Biberach zum Sch\u00fctzenfest. Durchs Ammertal ging es nach T\u00fcbingen und durchs Kressbachtal nach Gomaringen und Genkingen. Dort kam dann das sportliche Filet-St\u00fcck des Laufes: Von Genkingen [&hellip;]<\/p>\n","protected":false},"author":2,"featured_media":0,"parent":32,"menu_order":99500000,"comment_status":"open","ping_status":"open","template":"","meta":{"ngg_post_thumbnail":0,"footnotes":""},"class_list":["post-2629","page","type-page","status-publish","hentry"],"_links":{"self":[{"href":"https:\/\/tsvkuppingen.de\/lauftreff\/site\/index.php?rest_route=\/wp\/v2\/pages\/2629","targetHints":{"allow":["GET"]}}],"collection":[{"href":"https:\/\/tsvkuppingen.de\/lauftreff\/site\/index.php?rest_route=\/wp\/v2\/pages"}],"about":[{"href":"https:\/\/tsvkuppingen.de\/lauftreff\/site\/index.php?rest_route=\/wp\/v2\/types\/page"}],"author":[{"embeddable":true,"href":"https:\/\/tsvkuppingen.de\/lauftreff\/site\/index.php?rest_route=\/wp\/v2\/users\/2"}],"replies":[{"embeddable":true,"href":"https:\/\/tsvkuppingen.de\/lauftreff\/site\/index.php?rest_route=%2Fwp%2Fv2%2Fcomments&post=2629"}],"version-history":[{"count":7,"href":"https:\/\/tsvkuppingen.de\/lauftreff\/site\/index.php?rest_route=\/wp\/v2\/pages\/2629\/revisions"}],"predecessor-version":[{"id":7943,"href":"https:\/\/tsvkuppingen.de\/lauftreff\/site\/index.php?rest_route=\/wp\/v2\/pages\/2629\/revisions\/7943"}],"up":[{"embeddable":true,"href":"https:\/\/tsvkuppingen.de\/lauftreff\/site\/index.php?rest_route=\/wp\/v2\/pages\/32"}],"wp:attachment":[{"href":"https:\/\/tsvkuppingen.de\/lauftreff\/site\/index.php?rest_route=%2Fwp%2Fv2%2Fmedia&parent=2629"}],"curies":[{"name":"wp","href":"https:\/\/api.w.org\/{rel}","templated":true}]}}