{"id":2753,"date":"2012-11-24T20:58:41","date_gmt":"2012-11-24T18:58:41","guid":{"rendered":"http:\/\/tsvkuppingen.de\/lauftreff\/site\/?page_id=2753"},"modified":"2019-09-20T22:22:57","modified_gmt":"2019-09-20T20:22:57","slug":"16-18-11-2012","status":"publish","type":"page","link":"https:\/\/tsvkuppingen.de\/lauftreff\/site\/?page_id=2753","title":{"rendered":"16.-18.11.2012"},"content":{"rendered":"<p><strong>Mondf\u00e4nger erwischen die Sonne im Beaujolais<\/strong><\/p>\n<p>Vom Marathon bis zur 12-Kilometer-Strecke: Lauftreffler vom TSV Kuppingen genie\u00dfen einen au\u00dfergew\u00f6hnliches Lauf im Herzen Frankreichs<\/p>\n<p>42 L\u00e4ufer und  Walker aller Alters- und Leistungsklassen trugen am vergangenen Wochenende das Trikot vom TSV Kuppingen \u00fcber die Strecken des Beaujolais- Marathons: Unterst\u00fctzt von einer handvoll Fans aus dem G\u00e4u waren die Sportler auf Distanzen von 12,8, einem Halbmarathon sowie der klassischen Marathon- Distanz \u00fcber 42,195 Kilometer unterwegs. Ein Event, bei dem allerdings weniger pers\u00f6nliche Bestzeiten als der Spa\u00df an der tollen Stimmung sowie der Genuss der h\u00fcgeligen Weinbaulandschaft und der K\u00f6stlichkeiten an den Verpflegungsstationen im Vordergrund standen.<\/p>\n<p>Aufgebrochen war die Gruppe am fr\u00fchen Freitagmorgen. Nach einem Zwischenstopp in Beaune und dem Bezug des Hotels in Villefranche-sur-Saone, wo tags drauf auch der Zieleinlauf sein w\u00fcrde, standen am ersten Abend das Abholen der Startunterlagen und die anschlie\u00dfende Pasta-Party in der Messehalle auf dem Programm. Sp\u00e4testens dort wurde dem letzten Teilnehmer klar, dass dies kein gew\u00f6hnlicher Lauf ist: Weinverk\u00f6stigungen, K\u00e4sespezialit\u00e4ten und Fotosessions im hippen 70er-Outfit schon bei der Startnummernausgabe und schlie\u00dflich eine Pasta-Party in de Messehalle, bei der es mindestens soviel Party wie Pasta gab \u2013 inklusiver ausgelassener G\u00e4ste aus ganz Europa, die noch am Vorabend eines solchen Langstreckenlaufs fr\u00f6hlich tanzend durch den Zweckbau l\u00e4rmten.<\/p>\n<p>Bespa\u00dfung, Stimmung und Ausgelassenheit lie\u00dfen dann auch am Samstag nicht nach: Von swingenden Blechbl\u00e4sern eskortiert ging es in die Shuttle-Busse, mit denen die insgesamt 8200 Teilnehmer zu den Startpl\u00e4tzen f\u00fcr die drei Distanzen gebracht wurden \u2013 so auch zum Stadion von Arnas, wo die Party vom Vorabend ungebremst weiterging. Allerdings profitierte die tolle Stimmung auch vom noch tolleren Wetter: Die Sonne, die am Morgen durch den Nebel brach, w\u00e4rmte so stark, dass eine Lage kurzer Laufklamotten ausreichte, um die auf den Startschuss wartenden \u201eCoureurs\u201c, wie die L\u00e4ufer auf franz\u00f6sisch hei\u00dfen, zu w\u00e4rmen.<\/p>\n<p>So kamen auch die Kuppinger Trikots strahlend zur Geltung: &#8222;Chasseur de la Lune&#8220; war auf den eigens f\u00fcr diese Reise gefertigten Shirts zu lesen &#8211; mit der erkl\u00e4renden Unterzeile &#8222;Mondf\u00e4nger&#8220;, dem Ortsnecknamen der Kuppinger. Trikots, mit denen man bei hiesigen L\u00e4ufen &#8211; zumal in so gro\u00dfer Gruppenst\u00e4rke &#8211; schnell aufgefallen w\u00e4re. Nicht so im Beaujolais. Denn dort geh\u00f6ren skurrile Outfits bis hin zu kompletten Verkleidungen inklusive Makeup und mitgeschleppten Requisiten zum weit verbreiteten Standard.<\/p>\n<p>Den meisten Spa\u00df innerhalb des L\u00e4uferfeldes gab es gewiss auf der k\u00fcrzesten der drei Distanzen: Hier war die Dichte der kost\u00fcmierten L\u00e4ufer mit Abstand am Gr\u00f6\u00dften. In doppeltem Sinne: Denn auf dieser Distanz tummelte sich einerseits die gr\u00f6\u00dfte Spa\u00df-Fraktion, zum anderen gab es gemessen an den Kilometern auch die meisten Verpflegungsstellen, an denen nat\u00fcrlich auch der obligatorische Beaujolais Nouveau, der erste Wein des Jahres 2012 ausgeschenkt wurde.<\/p>\n<p>Auf den 12,8 Kilometern waren neben einigen L\u00e4ufern auch die Lauftreff-Walker aus dem G\u00e4u unterwegs. Und bewiesen \u2013 allen voran Petra und Thomas Mikolaizak \u2013 durch ihre Ziel-Zeiten, dass sportlich ambitionierte Walker ohne weiteres in einem L\u00e4ufer-Feld bestehen k\u00f6nnen. Unterm Strich ging es aber auch hier vor allem um den Spa\u00df am Ereignis an sich.<\/p>\n<p>Schr\u00e4ge V\u00f6gel waren allerdings genauso auf den anderen Strecken allgegenw\u00e4rtig: So wurde die Gruppe um Liesel Kohler, Ute Lohrer, Gisela Funk, Monika Morgenroth-Mohr, Clivia Schuker und Uwe Ritter immer wieder von einer Horde Steinzeitmenschen \u00fcberholt, die aber bald darauf an der n\u00e4chsten Verpflegungsstation kurz Party gemacht und ein, zwei Weine gekippt haben, um dann wieder mit erh\u00f6hter Drehzahl all die L\u00e4ufer erneut zu \u00fcberholen, die derweil weitergelaufen waren. Eine lustige Truppe, die ihren Spa\u00df auf sportlich durchaus beachtlichem Niveau hatte: Denn sowohl die Steinzeitl\u00e4ufer als auch die genannten Kuppinger sind alle mit einem Schnitt von sechs Minuten auf den Kilometer ins Zielgruppe gekommen, also knapp \u00fcber zwei Stunden f\u00fcr die 21 Kilometer. Zeiten, die man sich mit solchen Pers\u00f6nlichkeiten wie Obelix, zwei rasenden Kellnern inklusive Tablett, einer Gruppe Nikol\u00e4use, zwei jungen Frauen im T\u00fcllr\u00f6ckechen oder einem r\u00f6mischen Heerf\u00fchrer geteilt hat.<\/p>\n<p>Dass es aber durchaus auch deutlich schneller geht, haben andere Lauftreffler sowohl auf der halben als auch auf der ganzen Distanz bewiesen: Thomas Schuker finishte nur knapp mehr als 90 Minuten nach dem Start \u00fcber 21 Kilometer, Bernhard Weiherm\u00fcller, der als Gastl\u00e4ufer vom Entringer LTE mitgereist war, beendete den ganzen Marathon nach 3:44 Stunden. Beides Zeiten, die, wie alle anderen auch, f\u00fcr die dortigen Verh\u00e4ltnisse topp sind. Denn auf den engen Wegen in den Weinbergen ist \u00dcberholen kaum m\u00f6glich, das h\u00fcgelige Streckenprofil ist \u2013 bei allem Spa\u00df \u2013 anspruchsvoll. Vor allem aber ist es eine Beaujolais-Marathon-Besonderheit, die pers\u00f6nliche Bestzeiten verhindert: Die \u201eCoureurs\u201c werden nicht nur durch die Weinberge sondern auch durch die Schl\u00f6sser der Weing\u00fcter gef\u00fchrt \u2013 einschlie\u00dflich der Weinkeller und Parkanlagen.<\/p>\n<p>Und selbst auf dem letzten Kilometer geht es dann noch mit m\u00fcden Beinen erst treppauf, treppab durchs Stadtschloss von Villefranche und dann einmal quer durch die \u2013 selbst f\u00fcr ersch\u00f6pfte L\u00e4ufer bemerkenswert eindr\u00fccklich nach Fisch riechende \u2013 Markthalle auf die letzen Meter bis zum Zieleinlauf vorm Rathaus. Wo es den letzten Wein des Wettkampfs gab, diesmal jedoch in Flaschen abgef\u00fcllt als Pr\u00e4mie.<\/p>\n<p>Was f\u00fcr die Gruppe aus dem G\u00e4u dann noch folgte war als verdiente Selbst-Belohnung ein schickes Abendessen mit franz\u00f6sischer K\u00fcche sowie am n\u00e4chsten Morgen eine neuerliche Runde durch die nun von H\u00e4ndlern und Kunden belebte und nicht mehr ganz vom Fischgeruch dominierte Markthalle. Als letztes dann noch eine kurze Weinprobe mit einer Vergleichs-Verk\u00f6stigung unterschiedlicher Jahrg\u00e4nge im Chateau de Vaurenard und schlie\u00dflich die Heimfahrt. Auf der ein Teil der Reisegesellschaft gleich das frischgelernte franz\u00f6sische Stimmungs-Liedgut zur Anwendung brachte. <\/p>\n<p><a href=\"https:\/\/tsvkuppingen.de\/lauftreff\/site\/wp-content\/uploads\/2012\/11\/IMG_4668.jpg\"><img loading=\"lazy\" decoding=\"async\" src=\"https:\/\/tsvkuppingen.de\/lauftreff\/site\/wp-content\/uploads\/2012\/11\/IMG_4668-300x225.jpg\" alt=\"Halbmarathon\" title=\"Halbmarathon\" width=\"300\" height=\"225\" class=\"alignnone size-medium wp-image-2772\" srcset=\"https:\/\/tsvkuppingen.de\/lauftreff\/site\/wp-content\/uploads\/2012\/11\/IMG_4668-300x225.jpg 300w, https:\/\/tsvkuppingen.de\/lauftreff\/site\/wp-content\/uploads\/2012\/11\/IMG_4668.jpg 1000w\" sizes=\"auto, (max-width: 300px) 100vw, 300px\" \/><\/a><\/p>\n<p><a href=\"https:\/\/tsvkuppingen.de\/lauftreff\/site\/wp-content\/uploads\/2012\/11\/P1000474a.jpg\"><img loading=\"lazy\" decoding=\"async\" src=\"https:\/\/tsvkuppingen.de\/lauftreff\/site\/wp-content\/uploads\/2012\/11\/P1000474a-300x200.jpg\" alt=\"Feuerwerk\" title=\"Feuerwerk\" width=\"300\" height=\"200\" class=\"size-medium wp-image-2759\" srcset=\"https:\/\/tsvkuppingen.de\/lauftreff\/site\/wp-content\/uploads\/2012\/11\/P1000474a-300x200.jpg 300w, https:\/\/tsvkuppingen.de\/lauftreff\/site\/wp-content\/uploads\/2012\/11\/P1000474a.jpg 1000w\" sizes=\"auto, (max-width: 300px) 100vw, 300px\" \/><\/a><\/p>\n<p>(Holger Wilms)<\/p>\n","protected":false},"excerpt":{"rendered":"<p>Mondf\u00e4nger erwischen die Sonne im Beaujolais Vom Marathon bis zur 12-Kilometer-Strecke: Lauftreffler vom TSV Kuppingen genie\u00dfen einen au\u00dfergew\u00f6hnliches Lauf im Herzen Frankreichs 42 L\u00e4ufer und Walker aller Alters- und Leistungsklassen trugen am vergangenen Wochenende das Trikot vom TSV Kuppingen \u00fcber die Strecken des Beaujolais- Marathons: Unterst\u00fctzt von einer handvoll Fans aus dem G\u00e4u waren die [&hellip;]<\/p>\n","protected":false},"author":2,"featured_media":0,"parent":32,"menu_order":99450000,"comment_status":"open","ping_status":"open","template":"","meta":{"ngg_post_thumbnail":0,"footnotes":""},"class_list":["post-2753","page","type-page","status-publish","hentry"],"_links":{"self":[{"href":"https:\/\/tsvkuppingen.de\/lauftreff\/site\/index.php?rest_route=\/wp\/v2\/pages\/2753","targetHints":{"allow":["GET"]}}],"collection":[{"href":"https:\/\/tsvkuppingen.de\/lauftreff\/site\/index.php?rest_route=\/wp\/v2\/pages"}],"about":[{"href":"https:\/\/tsvkuppingen.de\/lauftreff\/site\/index.php?rest_route=\/wp\/v2\/types\/page"}],"author":[{"embeddable":true,"href":"https:\/\/tsvkuppingen.de\/lauftreff\/site\/index.php?rest_route=\/wp\/v2\/users\/2"}],"replies":[{"embeddable":true,"href":"https:\/\/tsvkuppingen.de\/lauftreff\/site\/index.php?rest_route=%2Fwp%2Fv2%2Fcomments&post=2753"}],"version-history":[{"count":7,"href":"https:\/\/tsvkuppingen.de\/lauftreff\/site\/index.php?rest_route=\/wp\/v2\/pages\/2753\/revisions"}],"predecessor-version":[{"id":7938,"href":"https:\/\/tsvkuppingen.de\/lauftreff\/site\/index.php?rest_route=\/wp\/v2\/pages\/2753\/revisions\/7938"}],"up":[{"embeddable":true,"href":"https:\/\/tsvkuppingen.de\/lauftreff\/site\/index.php?rest_route=\/wp\/v2\/pages\/32"}],"wp:attachment":[{"href":"https:\/\/tsvkuppingen.de\/lauftreff\/site\/index.php?rest_route=%2Fwp%2Fv2%2Fmedia&parent=2753"}],"curies":[{"name":"wp","href":"https:\/\/api.w.org\/{rel}","templated":true}]}}