{"id":2793,"date":"2012-12-15T23:45:18","date_gmt":"2012-12-15T21:45:18","guid":{"rendered":"http:\/\/tsvkuppingen.de\/lauftreff\/site\/?page_id=2793"},"modified":"2019-09-20T22:22:37","modified_gmt":"2019-09-20T20:22:37","slug":"23-25-11-12","status":"publish","type":"page","link":"https:\/\/tsvkuppingen.de\/lauftreff\/site\/?page_id=2793","title":{"rendered":"23.-25.11.2012"},"content":{"rendered":"<p><strong>Jugendgruppe des Kuppinger Lauftreffs im Trainingslager<\/strong><\/p>\n<p>Die Jugendgruppe des Kuppinger Lauftreffs war vom 23. bis zum 25. November 2012 im Trainingslager.<br \/>\nDer Treffpunkt f\u00fcr die Fahrt ins lang ersehnte Trainingslager f\u00fcr uns jungen \u201eLauftreffler\u201c war der Marktplatz in Kuppingen. Als wir dann endlich kurz vor dem Einsteigen noch ein Gruppenfoto machten, wurde schon prophezeit: \u201eJaja, jetzt seht ihr noch fit aus, wartet ab bis ihr am Sonntag hier ankommt! Da kommt ihr nicht mehr so aufrecht daher!\u201c Na, was da wohl an Trainingseinheiten f\u00fcr uns geplant waren\u2026<br \/>\nDie knappe Stunde Fahrt nach <strong>Murrhardt im schw\u00e4bischen Wald<\/strong> ging sehr schnell vorbei und bei unserer Ankunft bekamen wir auch keine Zeit um gem\u00fctlich die sch\u00f6ne Jugendherberge anzuschauen und unsere Zimmer zu beziehen. Da hie\u00df es: \u201eLos, los! Umziehen!<br \/>\nAuspacken und Betten beziehen k\u00f6nnt ihr sp\u00e4ter, jetzt wird erst einmal eine Runde gelaufen!\u201c Puh, aber na gut daf\u00fcr sind wir ja schlie\u00dflich auch hierher gekommen.<br \/>\nEine Stunde durch den Wald <strong>joggen, Koordinationstraining, Kraft\u00fcbungen, Sprints und Bergl\u00e4ufe<\/strong> \u2026 Alles stand auf dem Programm f\u00fcr die zweieinhalb Tage in Murrhardt.<\/p>\n<p>Und wie immer standen beim Training der Spa\u00df und das Miteinander mehr im Vordergrund als die Leistung. Klar, f\u00fcr <strong>Muskelkater<\/strong> in Beinen, Bauch und s\u00e4mtlichen anderen K\u00f6rperteilen haben Gabi, Roland und Peter trotzdem gesorgt, aber keiner kam nach einer unserer Einheiten mit h\u00e4ngendem Kopf und total erledigt wieder in der Juhe an. Und verhungert ist nat\u00fcrlich auch keiner! Beim gemeinsamen Fr\u00fchst\u00fcck, Mittag- und Abendessen gab es viel zu erz\u00e4hlen und zu lachen.<br \/>\nDie Zeit ging viel zu schnell vorbei und am Sonntag nach dem Mittagessen ging der ganze Packstress gleich wieder weiter.<br \/>\nEs hat uns allen sehr viel Spa\u00df gemacht und wir freuen uns schon auf die n\u00e4chsten Einheiten und <strong>gemeinsamen Tage f\u00fcr unseren geliebten Laufsport<\/strong>!<br \/>\nEin ganz <strong>herzliches Dankesch\u00f6n<\/strong> an unsere Trainer: <strong>Gabi, Roland und Peter und an Thomas Schuker<\/strong>, ohne ihn h\u00e4tten sechs Sportler wegen mangelnden Sitzpl\u00e4tzen im Auto zuhause bleiben m\u00fcssen.<br \/>\nEure jungen \u201eLauftreffler\u201c<\/p>\n<div id=\"attachment_2795\" style=\"width: 310px\" class=\"wp-caption alignnone\"><a href=\"https:\/\/tsvkuppingen.de\/lauftreff\/site\/wp-content\/uploads\/2012\/12\/201212032002471_3842.jpg.jpg\"><img loading=\"lazy\" decoding=\"async\" aria-describedby=\"caption-attachment-2795\" src=\"https:\/\/tsvkuppingen.de\/lauftreff\/site\/wp-content\/uploads\/2012\/12\/201212032002471_3842.jpg-300x136.jpg\" alt=\"von li. Roland, Gabi, Peter; das Trainerteam\" title=\"das Trainerteam\" width=\"300\" height=\"136\" class=\"size-medium wp-image-2795\" srcset=\"https:\/\/tsvkuppingen.de\/lauftreff\/site\/wp-content\/uploads\/2012\/12\/201212032002471_3842.jpg-300x136.jpg 300w, https:\/\/tsvkuppingen.de\/lauftreff\/site\/wp-content\/uploads\/2012\/12\/201212032002471_3842.jpg.jpg 480w\" sizes=\"auto, (max-width: 300px) 100vw, 300px\" \/><\/a><p id=\"caption-attachment-2795\" class=\"wp-caption-text\">von li. Roland, Gabi, Peter; das Trainerteam<\/p><\/div>\n","protected":false},"excerpt":{"rendered":"<p>Jugendgruppe des Kuppinger Lauftreffs im Trainingslager Die Jugendgruppe des Kuppinger Lauftreffs war vom 23. bis zum 25. November 2012 im Trainingslager. Der Treffpunkt f\u00fcr die Fahrt ins lang ersehnte Trainingslager f\u00fcr uns jungen \u201eLauftreffler\u201c war der Marktplatz in Kuppingen. Als wir dann endlich kurz vor dem Einsteigen noch ein Gruppenfoto machten, wurde schon prophezeit: \u201eJaja, [&hellip;]<\/p>\n","protected":false},"author":2,"featured_media":0,"parent":32,"menu_order":99440000,"comment_status":"open","ping_status":"open","template":"","meta":{"ngg_post_thumbnail":0,"footnotes":""},"class_list":["post-2793","page","type-page","status-publish","hentry"],"_links":{"self":[{"href":"https:\/\/tsvkuppingen.de\/lauftreff\/site\/index.php?rest_route=\/wp\/v2\/pages\/2793","targetHints":{"allow":["GET"]}}],"collection":[{"href":"https:\/\/tsvkuppingen.de\/lauftreff\/site\/index.php?rest_route=\/wp\/v2\/pages"}],"about":[{"href":"https:\/\/tsvkuppingen.de\/lauftreff\/site\/index.php?rest_route=\/wp\/v2\/types\/page"}],"author":[{"embeddable":true,"href":"https:\/\/tsvkuppingen.de\/lauftreff\/site\/index.php?rest_route=\/wp\/v2\/users\/2"}],"replies":[{"embeddable":true,"href":"https:\/\/tsvkuppingen.de\/lauftreff\/site\/index.php?rest_route=%2Fwp%2Fv2%2Fcomments&post=2793"}],"version-history":[{"count":7,"href":"https:\/\/tsvkuppingen.de\/lauftreff\/site\/index.php?rest_route=\/wp\/v2\/pages\/2793\/revisions"}],"predecessor-version":[{"id":7937,"href":"https:\/\/tsvkuppingen.de\/lauftreff\/site\/index.php?rest_route=\/wp\/v2\/pages\/2793\/revisions\/7937"}],"up":[{"embeddable":true,"href":"https:\/\/tsvkuppingen.de\/lauftreff\/site\/index.php?rest_route=\/wp\/v2\/pages\/32"}],"wp:attachment":[{"href":"https:\/\/tsvkuppingen.de\/lauftreff\/site\/index.php?rest_route=%2Fwp%2Fv2%2Fmedia&parent=2793"}],"curies":[{"name":"wp","href":"https:\/\/api.w.org\/{rel}","templated":true}]}}

<p><strong>Jugendgruppe des Kuppinger Lauftreffs im Trainingslager</strong></p>
<p>Die Jugendgruppe des Kuppinger Lauftreffs war vom 23. bis zum 25. November 2012 im Trainingslager.<br />
Der Treffpunkt für die Fahrt ins lang ersehnte Trainingslager für uns jungen „Lauftreffler“ war der Marktplatz in Kuppingen. Als wir dann endlich kurz vor dem Einsteigen noch ein Gruppenfoto machten, wurde schon prophezeit: „Jaja, jetzt seht ihr noch fit aus, wartet ab bis ihr am Sonntag hier ankommt! Da kommt ihr nicht mehr so aufrecht daher!“ Na, was da wohl an Trainingseinheiten für uns geplant waren…<br />
Die knappe Stunde Fahrt nach <strong>Murrhardt im schwäbischen Wald</strong> ging sehr schnell vorbei und bei unserer Ankunft bekamen wir auch keine Zeit um gemütlich die schöne Jugendherberge anzuschauen und unsere Zimmer zu beziehen. Da hieß es: „Los, los! Umziehen!<br />
Auspacken und Betten beziehen könnt ihr später, jetzt wird erst einmal eine Runde gelaufen!“ Puh, aber na gut dafür sind wir ja schließlich auch hierher gekommen.<br />
Eine Stunde durch den Wald <strong>joggen, Koordinationstraining, Kraftübungen, Sprints und Bergläufe</strong> … Alles stand auf dem Programm für die zweieinhalb Tage in Murrhardt.</p>
<p>Und wie immer standen beim Training der Spaß und das Miteinander mehr im Vordergrund als die Leistung. Klar, für <strong>Muskelkater</strong> in Beinen, Bauch und sämtlichen anderen Körperteilen haben Gabi, Roland und Peter trotzdem gesorgt, aber keiner kam nach einer unserer Einheiten mit hängendem Kopf und total erledigt wieder in der Juhe an. Und verhungert ist natürlich auch keiner! Beim gemeinsamen Frühstück, Mittag- und Abendessen gab es viel zu erzählen und zu lachen.<br />
Die Zeit ging viel zu schnell vorbei und am Sonntag nach dem Mittagessen ging der ganze Packstress gleich wieder weiter.<br />
Es hat uns allen sehr viel Spaß gemacht und wir freuen uns schon auf die nächsten Einheiten und <strong>gemeinsamen Tage für unseren geliebten Laufsport</strong>!<br />
Ein ganz <strong>herzliches Dankeschön</strong> an unsere Trainer: <strong>Gabi, Roland und Peter und an Thomas Schuker</strong>, ohne ihn hätten sechs Sportler wegen mangelnden Sitzplätzen im Auto zuhause bleiben müssen.<br />
Eure jungen „Lauftreffler“</p>
<div id="attachment_2795" style="width: 310px" class="wp-caption alignnone"><a href="https://tsvkuppingen.de/lauftreff/site/wp-content/uploads/2012/12/201212032002471_3842.jpg.jpg"><img loading="lazy" decoding="async" aria-describedby="caption-attachment-2795" src="https://tsvkuppingen.de/lauftreff/site/wp-content/uploads/2012/12/201212032002471_3842.jpg-300x136.jpg" alt="von li. Roland, Gabi, Peter; das Trainerteam" title="das Trainerteam" width="300" height="136" class="size-medium wp-image-2795" srcset="https://tsvkuppingen.de/lauftreff/site/wp-content/uploads/2012/12/201212032002471_3842.jpg-300x136.jpg 300w, https://tsvkuppingen.de/lauftreff/site/wp-content/uploads/2012/12/201212032002471_3842.jpg.jpg 480w" sizes="auto, (max-width: 300px) 100vw, 300px" /></a><p id="caption-attachment-2795" class="wp-caption-text">von li. Roland, Gabi, Peter; das Trainerteam</p></div>

<p>Jugendgruppe des Kuppinger Lauftreffs im Trainingslager Die Jugendgruppe des Kuppinger Lauftreffs war vom 23. bis zum 25. November 2012 im Trainingslager. Der Treffpunkt für die Fahrt ins lang ersehnte Trainingslager für uns jungen „Lauftreffler“ war der Marktplatz in Kuppingen. Als wir dann endlich kurz vor dem Einsteigen noch ein Gruppenfoto machten, wurde schon prophezeit: „Jaja, [&hellip;]</p>
