{"id":3666,"date":"2014-03-21T22:59:49","date_gmt":"2014-03-21T20:59:49","guid":{"rendered":"http:\/\/tsvkuppingen.de\/lauftreff\/site\/?page_id=3666"},"modified":"2019-09-20T22:18:40","modified_gmt":"2019-09-20T20:18:40","slug":"marz-2014","status":"publish","type":"page","link":"https:\/\/tsvkuppingen.de\/lauftreff\/site\/?page_id=3666","title":{"rendered":"M\u00e4rz 2014"},"content":{"rendered":"<p><strong>TSV Kuppingen schickt Sachspenden ins Kinderheim nach Mediasch<\/strong><\/p>\n<p><strong>\u201eLaufen und mehr\u201c<\/strong> lautet seit Jahren das Motto der Laufserie Sch\u00f6nbuch Cup, zu der auch der Kuppinger Mondf\u00e4ngerlauf geh\u00f6rt. Das \u201emehr\u201c steht unter anderem daf\u00fcr, dass mit einem Teil der Startgelder soziale Projekte unterst\u00fctzt werden. <strong>Thomas Klisch<\/strong>, bis M\u00e4rz 2014 Kassier der Abteilung Lauftreff im TSV Kuppingen, hatte vorgeschlagen, das Spielplatzprojekt des Herrenberger <strong>Jungendzentrums Logo<\/strong> finanziell zu unterst\u00fctzen. Die Idee stie\u00df bei den Abteilungsverantwortlichen auf gro\u00dfe Zustimmung. Die \u00fcblichen 50 Cent pro Teilnehmer wurden aufgerundet, sodass sich das Logo \u00fcber eine \u00dcberweisung von 500,- Euro freuen konnte. \u201e Ich find\u2018s klasse, dass sich die Jugendlichen um <strong>Andreas Sachse<\/strong> f\u00fcr Kinder einsetzten, denen es nicht so gut geht wie uns\u201c, freut sich <strong>Clivia Schuker<\/strong>. Im Info-Flyer des Logos liest sie, dass die Kinder keine M\u00f6glichkeit haben ihre Freizeit mit Sport und Spiel zu gestalten weil es an Mitteln fehle. Auch an vielem Notwendigen, wie z.B. Kleidung mangelt es. Kurzerhand erweiterte sie die Aktion und rief innerhalb des TSV Kuppingen zu Spenden auf. Was alles zusammen gekommen ist, ist erstaunlich. Fahrr\u00e4der, Roller, zwei Tischtennisplatten, Tennisschl\u00e4ger und viel an Kleidung. \u201eDass sich die Kinder und Betreuer in <strong>Mediasch\/Rum\u00e4nien<\/strong> auch \u00fcber viele neue Shirts, Hosen und Jacken freuen k\u00f6nnen, verdanken wir den guten Kontakten zu unseren Partnern Stahl Sportshop und der Kuppinger Firma WerbeCut\u201c, zeigt sich Clivia Schuker gl\u00fccklich. Die haben wie all die privaten TSVler in ihrem Bestand geschaut und sich von gut Erhaltenem getrennt.<strong> Walter Beutel <\/strong>vom SamariterDienst ist verantwortlich f\u00fcr die Hilfstransporte in die osteurop\u00e4ischen L\u00e4nder und wird die Spenden sicher nach Mediasch bringen lassen. Gut, dass im LKW noch ausreichend Platz war!<\/p>\n<div id=\"attachment_3668\" style=\"width: 310px\" class=\"wp-caption alignnone\"><a href=\"https:\/\/tsvkuppingen.de\/lauftreff\/site\/wp-content\/uploads\/2014\/03\/IMG_0958aG.jpg\"><img loading=\"lazy\" decoding=\"async\" aria-describedby=\"caption-attachment-3668\" src=\"https:\/\/tsvkuppingen.de\/lauftreff\/site\/wp-content\/uploads\/2014\/03\/IMG_0958aG-300x200.jpg\" alt=\"Das Foto zeigt von links: Walter Beutel vom SamariterDienst, Katrin Kohler-Brenner, Clivia Schuker und Ulrich Munz sowie Stefan Brenner vorne kniend\" title=\" \" width=\"300\" height=\"200\" class=\"size-medium wp-image-3668\" srcset=\"https:\/\/tsvkuppingen.de\/lauftreff\/site\/wp-content\/uploads\/2014\/03\/IMG_0958aG-300x200.jpg 300w, https:\/\/tsvkuppingen.de\/lauftreff\/site\/wp-content\/uploads\/2014\/03\/IMG_0958aG.jpg 1000w\" sizes=\"auto, (max-width: 300px) 100vw, 300px\" \/><\/a><p id=\"caption-attachment-3668\" class=\"wp-caption-text\">Das Foto zeigt von links: Walter Beutel vom SamariterDienst, Katrin Kohler-Brenner, Clivia Schuker und Ulrich Munz sowie Stefan Brenner vorne kniend<\/p><\/div>\n","protected":false},"excerpt":{"rendered":"<p>TSV Kuppingen schickt Sachspenden ins Kinderheim nach Mediasch \u201eLaufen und mehr\u201c lautet seit Jahren das Motto der Laufserie Sch\u00f6nbuch Cup, zu der auch der Kuppinger Mondf\u00e4ngerlauf geh\u00f6rt. Das \u201emehr\u201c steht unter anderem daf\u00fcr, dass mit einem Teil der Startgelder soziale Projekte unterst\u00fctzt werden. Thomas Klisch, bis M\u00e4rz 2014 Kassier der Abteilung Lauftreff im TSV Kuppingen, [&hellip;]<\/p>\n","protected":false},"author":2,"featured_media":0,"parent":32,"menu_order":99330000,"comment_status":"open","ping_status":"open","template":"","meta":{"ngg_post_thumbnail":0,"footnotes":""},"class_list":["post-3666","page","type-page","status-publish","hentry"],"_links":{"self":[{"href":"https:\/\/tsvkuppingen.de\/lauftreff\/site\/index.php?rest_route=\/wp\/v2\/pages\/3666","targetHints":{"allow":["GET"]}}],"collection":[{"href":"https:\/\/tsvkuppingen.de\/lauftreff\/site\/index.php?rest_route=\/wp\/v2\/pages"}],"about":[{"href":"https:\/\/tsvkuppingen.de\/lauftreff\/site\/index.php?rest_route=\/wp\/v2\/types\/page"}],"author":[{"embeddable":true,"href":"https:\/\/tsvkuppingen.de\/lauftreff\/site\/index.php?rest_route=\/wp\/v2\/users\/2"}],"replies":[{"embeddable":true,"href":"https:\/\/tsvkuppingen.de\/lauftreff\/site\/index.php?rest_route=%2Fwp%2Fv2%2Fcomments&post=3666"}],"version-history":[{"count":7,"href":"https:\/\/tsvkuppingen.de\/lauftreff\/site\/index.php?rest_route=\/wp\/v2\/pages\/3666\/revisions"}],"predecessor-version":[{"id":7927,"href":"https:\/\/tsvkuppingen.de\/lauftreff\/site\/index.php?rest_route=\/wp\/v2\/pages\/3666\/revisions\/7927"}],"up":[{"embeddable":true,"href":"https:\/\/tsvkuppingen.de\/lauftreff\/site\/index.php?rest_route=\/wp\/v2\/pages\/32"}],"wp:attachment":[{"href":"https:\/\/tsvkuppingen.de\/lauftreff\/site\/index.php?rest_route=%2Fwp%2Fv2%2Fmedia&parent=3666"}],"curies":[{"name":"wp","href":"https:\/\/api.w.org\/{rel}","templated":true}]}}