{"id":3792,"date":"2014-05-11T21:20:51","date_gmt":"2014-05-11T19:20:51","guid":{"rendered":"http:\/\/tsvkuppingen.de\/lauftreff\/site\/?page_id=3792"},"modified":"2019-09-20T22:17:19","modified_gmt":"2019-09-20T20:17:19","slug":"walking-day-in-kuppingen","status":"publish","type":"page","link":"https:\/\/tsvkuppingen.de\/lauftreff\/site\/?page_id=3792","title":{"rendered":"10.05.2014"},"content":{"rendered":"<p><strong>Walking Day in Kuppingen<\/strong><\/p>\n<p>Nach zweij\u00e4hriger Pause riefen die Walker und Walkerinnen des Lauftreffs am vergangenen Samstag zum Walking Day. &#8222;<strong>Drei Flegga &#8211; drei Stregga<\/strong>&#8220; &#8211; ein Motto, das rund 40 Teilnehmer aus Ehningen, Nufringen, Holzgerlingen und nat\u00fcrlich auch aus Kuppingen anlockte. F\u00fcr jede Strecke standen die Lauftreff-Walkingbetreuer bereit. Also noch kurz aufgew\u00e4rmt unter der Anleitung von <strong>Petra Mikolaizak<\/strong> und schon verschwanden die Gruppen im leuchtenden Gr\u00fcn des Kuppinger Waldes.<br \/>\nDie Rundstrecken f\u00fchrten je nach Anspruch entweder durch das <strong>\u00f6rtliche Gel\u00e4nde<\/strong> (5 km), durch <strong>Oberjesinger Stammesgebiet<\/strong> (7,5 km) oder gar durch die <strong>Sulzer Gemarkung<\/strong> (10 km). Wie gewohnt sorgte der Lauftreff im Anschluss an die k\u00f6rperliche Ert\u00fcchtigung auch f\u00fcr die notwendige <strong>Erfrischung und Energiezufuhr<\/strong>.<br \/>\nBei Mineralwasser, Apfelschorle, Obst und Hefezopf konnten die Teilnehmer ihre Eindr\u00fccke noch einmal Revue passieren lassen und sich gleichzeitig anerkennend zuprosten.<\/p>\n<div id=\"attachment_3793\" style=\"width: 310px\" class=\"wp-caption alignnone\"><a href=\"https:\/\/tsvkuppingen.de\/lauftreff\/site\/wp-content\/uploads\/2014\/05\/IMG_0243b4.jpg\"><img loading=\"lazy\" decoding=\"async\" aria-describedby=\"caption-attachment-3793\" src=\"https:\/\/tsvkuppingen.de\/lauftreff\/site\/wp-content\/uploads\/2014\/05\/IMG_0243b4-300x200.jpg\" alt=\"Kein \u00dcberfall, sondern die Aufw\u00e4rmgymnastik zum Walking Day\" title=\"Walking Day\" width=\"300\" height=\"200\" class=\"size-medium wp-image-3793\" srcset=\"https:\/\/tsvkuppingen.de\/lauftreff\/site\/wp-content\/uploads\/2014\/05\/IMG_0243b4-300x200.jpg 300w, https:\/\/tsvkuppingen.de\/lauftreff\/site\/wp-content\/uploads\/2014\/05\/IMG_0243b4-1024x682.jpg 1024w, https:\/\/tsvkuppingen.de\/lauftreff\/site\/wp-content\/uploads\/2014\/05\/IMG_0243b4.jpg 1173w\" sizes=\"auto, (max-width: 300px) 100vw, 300px\" \/><\/a><p id=\"caption-attachment-3793\" class=\"wp-caption-text\">Kein \u00dcberfall, sondern die Aufw\u00e4rmgymnastik zum Walking Day<\/p><\/div>\n<p><a href='https:\/\/tsvkuppingen.de\/lauftreff\/site\/?page_id=3672&#038;album=10&#038;gallery=95' >&#8230; mehr Fotos gibt&#8217;s hier<\/a><\/p>\n","protected":false},"excerpt":{"rendered":"<p>Walking Day in Kuppingen Nach zweij\u00e4hriger Pause riefen die Walker und Walkerinnen des Lauftreffs am vergangenen Samstag zum Walking Day. &#8222;Drei Flegga &#8211; drei Stregga&#8220; &#8211; ein Motto, das rund 40 Teilnehmer aus Ehningen, Nufringen, Holzgerlingen und nat\u00fcrlich auch aus Kuppingen anlockte. F\u00fcr jede Strecke standen die Lauftreff-Walkingbetreuer bereit. Also noch kurz aufgew\u00e4rmt unter der [&hellip;]<\/p>\n","protected":false},"author":2,"featured_media":0,"parent":32,"menu_order":99300000,"comment_status":"open","ping_status":"open","template":"","meta":{"ngg_post_thumbnail":0,"footnotes":""},"class_list":["post-3792","page","type-page","status-publish","hentry"],"_links":{"self":[{"href":"https:\/\/tsvkuppingen.de\/lauftreff\/site\/index.php?rest_route=\/wp\/v2\/pages\/3792","targetHints":{"allow":["GET"]}}],"collection":[{"href":"https:\/\/tsvkuppingen.de\/lauftreff\/site\/index.php?rest_route=\/wp\/v2\/pages"}],"about":[{"href":"https:\/\/tsvkuppingen.de\/lauftreff\/site\/index.php?rest_route=\/wp\/v2\/types\/page"}],"author":[{"embeddable":true,"href":"https:\/\/tsvkuppingen.de\/lauftreff\/site\/index.php?rest_route=\/wp\/v2\/users\/2"}],"replies":[{"embeddable":true,"href":"https:\/\/tsvkuppingen.de\/lauftreff\/site\/index.php?rest_route=%2Fwp%2Fv2%2Fcomments&post=3792"}],"version-history":[{"count":8,"href":"https:\/\/tsvkuppingen.de\/lauftreff\/site\/index.php?rest_route=\/wp\/v2\/pages\/3792\/revisions"}],"predecessor-version":[{"id":7924,"href":"https:\/\/tsvkuppingen.de\/lauftreff\/site\/index.php?rest_route=\/wp\/v2\/pages\/3792\/revisions\/7924"}],"up":[{"embeddable":true,"href":"https:\/\/tsvkuppingen.de\/lauftreff\/site\/index.php?rest_route=\/wp\/v2\/pages\/32"}],"wp:attachment":[{"href":"https:\/\/tsvkuppingen.de\/lauftreff\/site\/index.php?rest_route=%2Fwp%2Fv2%2Fmedia&parent=3792"}],"curies":[{"name":"wp","href":"https:\/\/api.w.org\/{rel}","templated":true}]}}