{"id":3861,"date":"2014-06-17T07:02:06","date_gmt":"2014-06-17T05:02:06","guid":{"rendered":"http:\/\/tsvkuppingen.de\/lauftreff\/site\/?page_id=3861"},"modified":"2019-09-20T22:18:21","modified_gmt":"2019-09-20T20:18:21","slug":"01-04-05-2014","status":"publish","type":"page","link":"https:\/\/tsvkuppingen.de\/lauftreff\/site\/?page_id=3861","title":{"rendered":"01.-04.05.2014"},"content":{"rendered":"<p><strong>Trainingslager der Jugend<\/strong><br \/>\nAm 1. Mai diesen Jahres fielen wohl ziemlich viele Wanderungen und auch Radtouren ins Wasser \u2013 im wahrsten Sinne des Wortes. Denn das Wetter war nicht gerade angenehm. Regenschauer hatten alle schon die ganze Woche vorher bangen lassen, ob man am 1. Mai nicht doch lieber zuhause bleiben sollte und der Himmel war auch wirklich ziemlich dunkel am Donnerstagmorgen.<br \/>\nAber es trafen sich trotzdem alle Mitglieder der Jugendgruppe des Lauftreff vom TSV Kuppingen in Herrenberg um eine knapp 90 km lange Radtour anzutreten. Und zwar nicht irgendeine Tour in den Mai \u2013 sondern eine Tour nach Rottweil ins Trainingslager. Und wie sie so sind die Kuppinger: \u201eWir fahren!\u201c \u2013 trotz grauem Himmel und trotz Regen, der gerade anfing zu fallen als sie losfuhren. Er sollte sie die ganze Strecke \u00fcber verfolgen. \u201eAber so richtig gegossen hat es nie! Ganz normaler Regen halt\u2026\u201c, erz\u00e4hlten die flei\u00dfigen Radler. Tja, so Kuppinger lassen sich halt nicht unterkriegen!!! Fr\u00f6hlich und ziemlich trocken kamen alle am Nachmittag in der Jugendherberge an. Dort stie\u00dfen dann auch ein paar nicht ganz so beinharte Mit-Trainierende zu dem Kuppinger Team, die aus aller Herren L\u00e4nder \u2013 bzw. aus Freiburg, Pforzheim und Sindelfingen \u2013 angereist waren. Gro\u00df war die Freude \u00fcber das Wiedersehen und gro\u00df der Respekt vor der Leistung die ganze Strecke von Herrenberg nach Rottweil geradelt zu sein \u2013 bei dem Wetter! Wahnsinn! Keiner hat gemeckert, keiner schlappgemacht. \u201eIhr seit halt so gute Motivatoren!\u201c, sagte Christine zu den Trainern. Recht hat sie!!!<br \/>\nIn der wundersch\u00f6nen und modernen Jugendherberge f\u00fchlten sich alle wieder \u2013 wie im November 2013 schon &#8211; sehr wohl und \u201eDas Essen war auch ganz gut\u2026\u201c, lautete das Urteil von den hungrigen Sportlern. Schwaben eben \u2013 \u201ened g\u2019schimpft isch g\u2019nug g\u2019lobt\u201c und  \u201eganz gut\u201c will da schon was hei\u00dfen! Der Herbergsvater war dieses Mal sogar bei einigen Trainingseinheiten mit dabei und sorgte so daf\u00fcr, dass wir nur noch begeisterter von der Juhe und ihrem Team waren.<br \/>\nAm Freitagmorgen war dann erstmal ein ganz lockerer Dauerlauf angesagt und am Nachmittag ein Ausflug ins Rottweiler Schwimmbad \u2013 zum Entspannen und zur Regeneration. Das tat super gut und am Samstag waren bei den zwei Einheiten mit Einlaufen, (teilweise sehr lustigem\u2026) Koordinationstraining und (anstrengenden!) Bergl\u00e4ufen im  Park wieder alle fit, Feuer und Flamme. Am Abend war sogar noch Energie f\u00fcr Stabilisationstraining. Bei der gemeinsamen \u201eFeed-back-Runde\u201c am Samstagabend \u00fcbersch\u00fctteten sich Trainer und Trainierende dann gegenseitig mir Lob: \u201eEs macht so Spa\u00df mit euch \u2013 ihr seit eine super Truppe!\u201c \u2013 \u201eDas ihr das so ohne weiteres durchzieht mit der Radtour!\u201c \u2013 \u201eIhr wart so super bei der Sache und konzentriert!\u201c, hie\u00df es von Gabi, Roland und Peter und die Kids waren mindestens genauso begeistert und \u00fcberzeugt, dass sie die R\u00fcckfahrt mit dem Rad am n\u00e4chsten Tag mit ihren tollen \u201eMotivatoren\u201c auch wieder locker meistern w\u00fcrden. Und das taten sie dann auch \u2013 bei strahlendem Sonnenschein dieses Mal. Trotz eines platten Reifens und zweier Reparaturen auf offener Strecke war Herrenberg schneller erreicht als es allen lieb war \u2013 \u201eleider schon vorbei\u201c war die einheitliche Aussage aller Beteiligten beim Empfang mit selbst gebackenem Kuchen den die motorisiert Beteiligten uns bereiteten.<\/p>\n<p>Spitze Leute! Auf ein Neues im November und den herzlichsten Dank an Gabi, Roland und Peter f\u00fcr die Organisation, das Training und die Motivation. Da m\u00fcssen wir ja nur noch ein bisschen Lust und Begeisterung mitbringen, dann wird das n\u00e4chste Trainingslager wieder ein voller Erfolg! <\/p>\n<p><a href=\"https:\/\/tsvkuppingen.de\/lauftreff\/site\/wp-content\/uploads\/2014\/06\/DSC_0008.jpg\"><img loading=\"lazy\" decoding=\"async\" src=\"https:\/\/tsvkuppingen.de\/lauftreff\/site\/wp-content\/uploads\/2014\/06\/DSC_0008-300x201.jpg\" alt=\"\" title=\"DSC_0008\" width=\"300\" height=\"201\" class=\"alignnone size-medium wp-image-3863\" srcset=\"https:\/\/tsvkuppingen.de\/lauftreff\/site\/wp-content\/uploads\/2014\/06\/DSC_0008-300x201.jpg 300w, https:\/\/tsvkuppingen.de\/lauftreff\/site\/wp-content\/uploads\/2014\/06\/DSC_0008.jpg 1000w\" sizes=\"auto, (max-width: 300px) 100vw, 300px\" \/><\/a><\/p>\n<p><a href=\"https:\/\/tsvkuppingen.de\/lauftreff\/site\/wp-content\/uploads\/2014\/06\/DSC_0072.jpg\"><img loading=\"lazy\" decoding=\"async\" src=\"https:\/\/tsvkuppingen.de\/lauftreff\/site\/wp-content\/uploads\/2014\/06\/DSC_0072-300x201.jpg\" alt=\"\" title=\"DSC_0072\" width=\"300\" height=\"201\" class=\"alignnone size-medium wp-image-3863\" \/><\/a><\/p>\n","protected":false},"excerpt":{"rendered":"<p>Trainingslager der Jugend Am 1. Mai diesen Jahres fielen wohl ziemlich viele Wanderungen und auch Radtouren ins Wasser \u2013 im wahrsten Sinne des Wortes. Denn das Wetter war nicht gerade angenehm. Regenschauer hatten alle schon die ganze Woche vorher bangen lassen, ob man am 1. Mai nicht doch lieber zuhause bleiben sollte und der Himmel [&hellip;]<\/p>\n","protected":false},"author":2,"featured_media":0,"parent":32,"menu_order":99320000,"comment_status":"open","ping_status":"open","template":"","meta":{"ngg_post_thumbnail":0,"footnotes":""},"class_list":["post-3861","page","type-page","status-publish","hentry"],"_links":{"self":[{"href":"https:\/\/tsvkuppingen.de\/lauftreff\/site\/index.php?rest_route=\/wp\/v2\/pages\/3861","targetHints":{"allow":["GET"]}}],"collection":[{"href":"https:\/\/tsvkuppingen.de\/lauftreff\/site\/index.php?rest_route=\/wp\/v2\/pages"}],"about":[{"href":"https:\/\/tsvkuppingen.de\/lauftreff\/site\/index.php?rest_route=\/wp\/v2\/types\/page"}],"author":[{"embeddable":true,"href":"https:\/\/tsvkuppingen.de\/lauftreff\/site\/index.php?rest_route=\/wp\/v2\/users\/2"}],"replies":[{"embeddable":true,"href":"https:\/\/tsvkuppingen.de\/lauftreff\/site\/index.php?rest_route=%2Fwp%2Fv2%2Fcomments&post=3861"}],"version-history":[{"count":5,"href":"https:\/\/tsvkuppingen.de\/lauftreff\/site\/index.php?rest_route=\/wp\/v2\/pages\/3861\/revisions"}],"predecessor-version":[{"id":7926,"href":"https:\/\/tsvkuppingen.de\/lauftreff\/site\/index.php?rest_route=\/wp\/v2\/pages\/3861\/revisions\/7926"}],"up":[{"embeddable":true,"href":"https:\/\/tsvkuppingen.de\/lauftreff\/site\/index.php?rest_route=\/wp\/v2\/pages\/32"}],"wp:attachment":[{"href":"https:\/\/tsvkuppingen.de\/lauftreff\/site\/index.php?rest_route=%2Fwp%2Fv2%2Fmedia&parent=3861"}],"curies":[{"name":"wp","href":"https:\/\/api.w.org\/{rel}","templated":true}]}}