{"id":4278,"date":"2015-02-27T22:49:55","date_gmt":"2015-02-27T20:49:55","guid":{"rendered":"http:\/\/tsvkuppingen.de\/lauftreff\/site\/?page_id=4278"},"modified":"2019-09-20T22:10:01","modified_gmt":"2019-09-20T20:10:01","slug":"21-23-02-2015","status":"publish","type":"page","link":"https:\/\/tsvkuppingen.de\/lauftreff\/site\/?page_id=4278","title":{"rendered":"21.-23.02.2015"},"content":{"rendered":"<p><strong>Verdi Marathon<\/strong><\/p>\n<p>Es war im letzten Sommer, im Juli, mitten in der Euphorie des Staffellaufes nach Fidenza, als Prof. Chitollini, Cheforganisator des Verdi-Marathons, die Einladung an die Lauffreunde des Lauftreffs aussprach. \u201eKommt zum 18. Maratona delle Terre Verdiane\u201c rief er ihnen zu und motiviert sie zum Wiederkommen.<\/p>\n<p>Die Kuppinger, erfahren in der Organisation von Laufreisen, erstellten eine Ausschreibung, die auf Anhieb 40 Teilnehmer ansprach. Das lag nat\u00fcrlich daran, dass neben der vollen Distanz \u00fcber 42,195 km auch ein Halbmarathon und Wettbewerbe \u00fcber ca. 30 bzw. 10 km angeboten wurden. Die k\u00fcrzeste Distanz war zus\u00e4tzlich f\u00fcr \u201eFit Walking\u201c ausgeschrieben. \u201eDas Laufen k\u00f6nnte man glatt auch f\u00fcr nettes Beiwerk halten\u201c meinte Abteilungsleiterin Clivia Schuker schmunzelnd, als sie mit Christoph Kopp das Programm auf die Beine stellte. Das Altstadtlauf-Motto \u201eSport, Schlemmen und Shoppen\u201c wurde noch um \u201eKultur\u201c erg\u00e4nzt. Und so kamen selbst die mitgereisten Fans voll auf ihre Kosten. Ein Einkaufsbummel im Fidenza Outlet Village, ein gemeinsames Abendessen im Agriturismo und die Besichtigung einer K\u00e4serei standen auf dem Plan. Freilich erst nach dem Lauf!<\/p>\n<div id=\"attachment_4280\" style=\"width: 310px\" class=\"wp-caption alignnone\"><a href=\"https:\/\/tsvkuppingen.de\/lauftreff\/site\/wp-content\/uploads\/2015\/02\/Start-in-Salso.jpg\"><img loading=\"lazy\" decoding=\"async\" aria-describedby=\"caption-attachment-4280\" src=\"https:\/\/tsvkuppingen.de\/lauftreff\/site\/wp-content\/uploads\/2015\/02\/Start-in-Salso-300x200.jpg\" alt=\"Kuppinger L\u00e4ufer am Start in Salsomaggiore\" title=\"Start in Salso\" width=\"300\" height=\"200\" class=\"size-medium wp-image-4280\" srcset=\"https:\/\/tsvkuppingen.de\/lauftreff\/site\/wp-content\/uploads\/2015\/02\/Start-in-Salso-300x200.jpg 300w, https:\/\/tsvkuppingen.de\/lauftreff\/site\/wp-content\/uploads\/2015\/02\/Start-in-Salso-1024x682.jpg 1024w, https:\/\/tsvkuppingen.de\/lauftreff\/site\/wp-content\/uploads\/2015\/02\/Start-in-Salso.jpg 1095w\" sizes=\"auto, (max-width: 300px) 100vw, 300px\" \/><\/a><p id=\"caption-attachment-4280\" class=\"wp-caption-text\">Kuppinger L\u00e4ufer am Start in Salsomaggiore<\/p><\/div>\n<p>Auf diesen stimmten sich die Sportler am Vorabend des Laufes auf der \u00fcblichen Pastaparty im mond\u00e4nen Bau der Therme von Salsomaggiore ein. Umrahmt wurde diese durch eine andauernde Pr\u00e4sentation. Der B\u00fcrgermeister, die Pacemaker, Vorjahressieger, der \u201ePrincipe di Sorragna\u201c in dessen Schloss der Zielbogen des 30 km Laufes stand, und etliche mehr hielten ihre Ansprache. \u201eDie zelebrieren das richtig\u201c meinte Uli Munz am\u00fcsiert. Selbst Clivia Schuker wurde von Prof. Chitollini spontan auf die B\u00fchne zitiert um zu erz\u00e4hlen, wie es dazu kam, dass wir eigens aus Deutschland anreisten. Die Gelegenheit schlechthin ihm ein Sch\u00f6nbuchCup Shirt mit Kuppinger Lauftreff Logo zu \u00fcberreichen, die St\u00e4dtepartnerschaft zu unterstreichen und zu erkl\u00e4ren, dass wir eine \u201enicht so schnelle, aber sehr vergn\u00fcgte\u201c Gruppe seien.<br \/>\nAm Sonntagvormittag dann ging es richtig los. Um 9:00 Uhr fiel in Salsomaggiore f\u00fcr alle Distanzen der Startschuss. Die Strecke, kein Rundkurs, verlief \u00fcber Fidenza (10 km Ziel), Fontanellato (Halbmarathon-Ziel), Sorragna (30 km Ziel) bis nach Busseto. Direkt vor dem Verdi-Denkmal stand der Zielbogen f\u00fcr die Marathon-L\u00e4ufer. Leider behielt der Wetterbericht Recht und es regnete von Kilometer eins bis Kilometer 42. Die als Kleidertaschen gedachten M\u00fclls\u00e4cke wurden morgens kurzerhand als Regenponcho umfunktioniert. Keiner wollte schon vor dem Start durchn\u00e4sst werden. Viele der Teilnehmer liefen kilometerlang mit der sch\u00fctzenden Plastikh\u00fclle. Die Stimmung jedoch lie\u00df sich keiner der Kuppinger Lauffreunde verderben. Man unterhielt sich beim Laufen, man motivierte sich gegenseitig und winkte fr\u00f6hlich in die Kamera von Erich Kienle, der eigens als Fotograf mitreiste. Einen Wermutstropfen hatten die Kuppinger Walker\/innen zu schlucken. Neben den f\u00fcnf angemeldeten Teilnehmern aus Kuppingen wurden maximal drei weitere \u201eMitwalker\u201c gesichtet. Die Organisatoren zeigten wenig Geduld, gaben die Laufstrecke sehr fr\u00fchzeitig frei und der Zielbereich in Fidenza war schon ziemlich verwaist, als die Kuppinger Walker eintrafen. Und das bei durchaus respektablen Zeiten. Aber auch das wurde mit Fassung getragen, wei\u00df man doch in Walker-Kreisen, dass diese Sportart des \u00f6fteren stiefm\u00fctterlich behandelt wird.<br \/>\nAufgrund der krankheitsbedingten Absage von Albrecht Mayer, war Hans Rauner der einzige Kuppinger, der sich die volle Distanz gab. Er war jedoch mit 3:29 h so schnell, dass es seine Laufkameraden nicht mehr rechtzeitig zum Jubeln in den Zielkanal schafften. Nicht etwa weil die Halbmarathoni selbst zu lange liefen sondern vielmehr, weil es unserem Busfahrer Mandes nicht m\u00f6glich war, ann\u00e4hernd in die N\u00e4he des Zielbereiches in Fontanellato zu gelangen. Bereits ausgek\u00fchlt und vor K\u00e4lte schlotternd witzelten sie \u00fcber die Sinnhaftigkeit der warmen Kleidung im Bus und entwarfen bereits die G\u00e4ubote-Schlagzeile \u201eKuppinger Halbmarathoni schneller als der Bus\u201c. Diese jedoch sollte der \u00fcbersetzten \u00dcberschrift aus der Montagsausgabe der \u201eGazetta di Parma\u201c weichen. Diese berichtetete gro\u00df mit Gruppenbild \u00fcber die L\u00e4ufer aus der Partnerstadt &#8211; \u201eRegen, K\u00e4lte und viel Lust zu laufen\u201c &#8211; so war es!<br \/>\n<a href='https:\/\/tsvkuppingen.de\/lauftreff\/site\/?page_id=4271&#038;album=11&#038;gallery=113' >&#8230; mehr Fotos anschauen<\/a><\/p>\n","protected":false},"excerpt":{"rendered":"<p>Verdi Marathon Es war im letzten Sommer, im Juli, mitten in der Euphorie des Staffellaufes nach Fidenza, als Prof. Chitollini, Cheforganisator des Verdi-Marathons, die Einladung an die Lauffreunde des Lauftreffs aussprach. \u201eKommt zum 18. Maratona delle Terre Verdiane\u201c rief er ihnen zu und motiviert sie zum Wiederkommen. Die Kuppinger, erfahren in der Organisation von Laufreisen, [&hellip;]<\/p>\n","protected":false},"author":2,"featured_media":0,"parent":32,"menu_order":99230000,"comment_status":"open","ping_status":"open","template":"","meta":{"ngg_post_thumbnail":0,"footnotes":""},"class_list":["post-4278","page","type-page","status-publish","hentry"],"_links":{"self":[{"href":"https:\/\/tsvkuppingen.de\/lauftreff\/site\/index.php?rest_route=\/wp\/v2\/pages\/4278","targetHints":{"allow":["GET"]}}],"collection":[{"href":"https:\/\/tsvkuppingen.de\/lauftreff\/site\/index.php?rest_route=\/wp\/v2\/pages"}],"about":[{"href":"https:\/\/tsvkuppingen.de\/lauftreff\/site\/index.php?rest_route=\/wp\/v2\/types\/page"}],"author":[{"embeddable":true,"href":"https:\/\/tsvkuppingen.de\/lauftreff\/site\/index.php?rest_route=\/wp\/v2\/users\/2"}],"replies":[{"embeddable":true,"href":"https:\/\/tsvkuppingen.de\/lauftreff\/site\/index.php?rest_route=%2Fwp%2Fv2%2Fcomments&post=4278"}],"version-history":[{"count":8,"href":"https:\/\/tsvkuppingen.de\/lauftreff\/site\/index.php?rest_route=\/wp\/v2\/pages\/4278\/revisions"}],"predecessor-version":[{"id":7918,"href":"https:\/\/tsvkuppingen.de\/lauftreff\/site\/index.php?rest_route=\/wp\/v2\/pages\/4278\/revisions\/7918"}],"up":[{"embeddable":true,"href":"https:\/\/tsvkuppingen.de\/lauftreff\/site\/index.php?rest_route=\/wp\/v2\/pages\/32"}],"wp:attachment":[{"href":"https:\/\/tsvkuppingen.de\/lauftreff\/site\/index.php?rest_route=%2Fwp%2Fv2%2Fmedia&parent=4278"}],"curies":[{"name":"wp","href":"https:\/\/api.w.org\/{rel}","templated":true}]}}

<p><strong>Verdi Marathon</strong></p>
<p>Es war im letzten Sommer, im Juli, mitten in der Euphorie des Staffellaufes nach Fidenza, als Prof. Chitollini, Cheforganisator des Verdi-Marathons, die Einladung an die Lauffreunde des Lauftreffs aussprach. „Kommt zum 18. Maratona delle Terre Verdiane“ rief er ihnen zu und motiviert sie zum Wiederkommen.</p>
<p>Die Kuppinger, erfahren in der Organisation von Laufreisen, erstellten eine Ausschreibung, die auf Anhieb 40 Teilnehmer ansprach. Das lag natürlich daran, dass neben der vollen Distanz über 42,195 km auch ein Halbmarathon und Wettbewerbe über ca. 30 bzw. 10 km angeboten wurden. Die kürzeste Distanz war zusätzlich für „Fit Walking“ ausgeschrieben. „Das Laufen könnte man glatt auch für nettes Beiwerk halten“ meinte Abteilungsleiterin Clivia Schuker schmunzelnd, als sie mit Christoph Kopp das Programm auf die Beine stellte. Das Altstadtlauf-Motto „Sport, Schlemmen und Shoppen“ wurde noch um „Kultur“ ergänzt. Und so kamen selbst die mitgereisten Fans voll auf ihre Kosten. Ein Einkaufsbummel im Fidenza Outlet Village, ein gemeinsames Abendessen im Agriturismo und die Besichtigung einer Käserei standen auf dem Plan. Freilich erst nach dem Lauf!</p>
<div id="attachment_4280" style="width: 310px" class="wp-caption alignnone"><a href="https://tsvkuppingen.de/lauftreff/site/wp-content/uploads/2015/02/Start-in-Salso.jpg"><img loading="lazy" decoding="async" aria-describedby="caption-attachment-4280" src="https://tsvkuppingen.de/lauftreff/site/wp-content/uploads/2015/02/Start-in-Salso-300x200.jpg" alt="Kuppinger Läufer am Start in Salsomaggiore" title="Start in Salso" width="300" height="200" class="size-medium wp-image-4280" srcset="https://tsvkuppingen.de/lauftreff/site/wp-content/uploads/2015/02/Start-in-Salso-300x200.jpg 300w, https://tsvkuppingen.de/lauftreff/site/wp-content/uploads/2015/02/Start-in-Salso-1024x682.jpg 1024w, https://tsvkuppingen.de/lauftreff/site/wp-content/uploads/2015/02/Start-in-Salso.jpg 1095w" sizes="auto, (max-width: 300px) 100vw, 300px" /></a><p id="caption-attachment-4280" class="wp-caption-text">Kuppinger Läufer am Start in Salsomaggiore</p></div>
<p>Auf diesen stimmten sich die Sportler am Vorabend des Laufes auf der üblichen Pastaparty im mondänen Bau der Therme von Salsomaggiore ein. Umrahmt wurde diese durch eine andauernde Präsentation. Der Bürgermeister, die Pacemaker, Vorjahressieger, der „Principe di Sorragna“ in dessen Schloss der Zielbogen des 30 km Laufes stand, und etliche mehr hielten ihre Ansprache. „Die zelebrieren das richtig“ meinte Uli Munz amüsiert. Selbst Clivia Schuker wurde von Prof. Chitollini spontan auf die Bühne zitiert um zu erzählen, wie es dazu kam, dass wir eigens aus Deutschland anreisten. Die Gelegenheit schlechthin ihm ein SchönbuchCup Shirt mit Kuppinger Lauftreff Logo zu überreichen, die Städtepartnerschaft zu unterstreichen und zu erklären, dass wir eine „nicht so schnelle, aber sehr vergnügte“ Gruppe seien.<br />
Am Sonntagvormittag dann ging es richtig los. Um 9:00 Uhr fiel in Salsomaggiore für alle Distanzen der Startschuss. Die Strecke, kein Rundkurs, verlief über Fidenza (10 km Ziel), Fontanellato (Halbmarathon-Ziel), Sorragna (30 km Ziel) bis nach Busseto. Direkt vor dem Verdi-Denkmal stand der Zielbogen für die Marathon-Läufer. Leider behielt der Wetterbericht Recht und es regnete von Kilometer eins bis Kilometer 42. Die als Kleidertaschen gedachten Müllsäcke wurden morgens kurzerhand als Regenponcho umfunktioniert. Keiner wollte schon vor dem Start durchnässt werden. Viele der Teilnehmer liefen kilometerlang mit der schützenden Plastikhülle. Die Stimmung jedoch ließ sich keiner der Kuppinger Lauffreunde verderben. Man unterhielt sich beim Laufen, man motivierte sich gegenseitig und winkte fröhlich in die Kamera von Erich Kienle, der eigens als Fotograf mitreiste. Einen Wermutstropfen hatten die Kuppinger Walker/innen zu schlucken. Neben den fünf angemeldeten Teilnehmern aus Kuppingen wurden maximal drei weitere „Mitwalker“ gesichtet. Die Organisatoren zeigten wenig Geduld, gaben die Laufstrecke sehr frühzeitig frei und der Zielbereich in Fidenza war schon ziemlich verwaist, als die Kuppinger Walker eintrafen. Und das bei durchaus respektablen Zeiten. Aber auch das wurde mit Fassung getragen, weiß man doch in Walker-Kreisen, dass diese Sportart des öfteren stiefmütterlich behandelt wird.<br />
Aufgrund der krankheitsbedingten Absage von Albrecht Mayer, war Hans Rauner der einzige Kuppinger, der sich die volle Distanz gab. Er war jedoch mit 3:29 h so schnell, dass es seine Laufkameraden nicht mehr rechtzeitig zum Jubeln in den Zielkanal schafften. Nicht etwa weil die Halbmarathoni selbst zu lange liefen sondern vielmehr, weil es unserem Busfahrer Mandes nicht möglich war, annähernd in die Nähe des Zielbereiches in Fontanellato zu gelangen. Bereits ausgekühlt und vor Kälte schlotternd witzelten sie über die Sinnhaftigkeit der warmen Kleidung im Bus und entwarfen bereits die Gäubote-Schlagzeile „Kuppinger Halbmarathoni schneller als der Bus“. Diese jedoch sollte der übersetzten Überschrift aus der Montagsausgabe der „Gazetta di Parma“ weichen. Diese berichtetete groß mit Gruppenbild über die Läufer aus der Partnerstadt &#8211; „Regen, Kälte und viel Lust zu laufen“ &#8211; so war es!<br />
<a href='https://tsvkuppingen.de/lauftreff/site/?page_id=4271&#038;album=11&#038;gallery=113' >&#8230; mehr Fotos anschauen</a></p>
