{"id":4844,"date":"2015-11-08T20:08:54","date_gmt":"2015-11-08T18:08:54","guid":{"rendered":"http:\/\/tsvkuppingen.de\/lauftreff\/site\/?page_id=4844"},"modified":"2019-09-20T22:05:02","modified_gmt":"2019-09-20T20:05:02","slug":"laufabzeichen","status":"publish","type":"page","link":"https:\/\/tsvkuppingen.de\/lauftreff\/site\/?page_id=4844","title":{"rendered":"07.11.2015"},"content":{"rendered":"<p><strong>Laufabzeichen<\/strong><\/p>\n<p>Laufabzeichen? Was soll das denn? Ganz einfach: Jeder kann seine  Ausdauer beim Laufen unter Beweis stellen und unabh\u00e4ngig von  Geschwindigkeit und gelaufener Strecke zeigen was er drauf hat. Und was  macht mehr Spa\u00df als ohne jeglichen Leistungsdruck durch den sonnigen,  herbstlichen Laufpark zu rennen? F\u00fcr 15, 30 oder 60 Minuten laufen ohne  Pause entschied sich der L\u00e4ufernachwuchs und zog in Gruppen unter den  wachsamen Augen der Lauftrainer Uta Groeper, Gisela Funk und Thomas  Schuker los.<\/p>\n<p><strong>Laufabzeichen \u00fcber 15 Minuten:<\/strong><\/p>\n<table border=\"0\">\n<tbody>\n<tr>\n<td>Felix<\/td>\n<td>Kienzle<\/td>\n<td>JG 2008<\/td>\n<\/tr>\n<\/tbody>\n<\/table>\n<p><\/p>\n<p><strong>Laufabzeichen \u00fcber 30 Minuten:<\/strong><\/p>\n<table border=\"0\">\n<tbody>\n<tr>\n<td>Annalena<\/td>\n<td>Ahlert<\/td>\n<td>JG 2005<\/td>\n<\/tr>\n<tr>\n<td>Jannis<\/td>\n<td>Ahlert<\/td>\n<td>JG 2002<\/td>\n<\/tr>\n<tr>\n<td>Emilia<\/td>\n<td>B\u00f6ser<\/td>\n<td>JG 2006<\/td>\n<\/tr>\n<tr>\n<td>Johannes<\/td>\n<td>Gr\u00e4ther<\/td>\n<td>JG 2005<\/td>\n<\/tr>\n<tr>\n<td>Lukas<\/td>\n<td>Gr\u00e4ther<\/td>\n<td>JG 2009<\/td>\n<\/tr>\n<tr>\n<td>Hanna<\/td>\n<td>Groeper<\/td>\n<td>JG 2004<\/td>\n<\/tr>\n<tr>\n<td>Bastian<\/td>\n<td>Groeper<\/td>\n<td>JG 2003<\/td>\n<\/tr>\n<tr>\n<td>Romy<\/td>\n<td>Henne<\/td>\n<td>JG 2007<\/td>\n<\/tr>\n<tr>\n<td>Madeleine<\/td>\n<td>Henne<\/td>\n<td>JG 2004<\/td>\n<\/tr>\n<tr>\n<td>Kim<\/td>\n<td>Hofmeister<\/td>\n<td>JG 2003<\/td>\n<\/tr>\n<tr>\n<td>Kiana<\/td>\n<td>Hofmeister<\/td>\n<td>JG 2006<\/td>\n<\/tr>\n<tr>\n<td>Malin<\/td>\n<td>Kempf<\/td>\n<td>JG 2007<\/td>\n<\/tr>\n<tr>\n<td>Franziska<\/td>\n<td>Pandl<\/td>\n<td>JG 2006<\/td>\n<\/tr>\n<tr>\n<td>Marit<\/td>\n<td>Winkler<\/td>\n<td>JG 2007<\/td>\n<\/tr>\n<\/tbody>\n<\/table>\n<p><\/p>\n<p><strong>Laufabzeichen \u00fcber 60 Minuten:<\/strong><\/p>\n<table border=\"0\">\n<tbody>\n<tr>\n<td>Jule<\/td>\n<td>Kempf<\/td>\n<td>JG 2004<\/td>\n<\/tr>\n<tr>\n<td>Jannis<\/td>\n<td>Kienzke<\/td>\n<td>JG 2005<\/td>\n<\/tr>\n<tr>\n<td>Amelie<\/td>\n<td>Schuker<\/td>\n<td>JG 2004<\/td>\n<\/tr>\n<\/tbody>\n<\/table>\n<div id=\"attachment_4856\" style=\"width: 310px\" class=\"wp-caption alignnone\"><a href=\"https:\/\/tsvkuppingen.de\/lauftreff\/site\/wp-content\/uploads\/2015\/11\/201511081652231_3842.jpg.jpg\"><img loading=\"lazy\" decoding=\"async\" aria-describedby=\"caption-attachment-4856\" src=\"https:\/\/tsvkuppingen.de\/lauftreff\/site\/wp-content\/uploads\/2015\/11\/201511081652231_3842.jpg-300x233.jpg\" alt=\"Kids beim Laufabzeichen\" title=\"Kids beim Laufabzeichen\" width=\"300\" height=\"233\" class=\"size-medium wp-image-4856\" srcset=\"https:\/\/tsvkuppingen.de\/lauftreff\/site\/wp-content\/uploads\/2015\/11\/201511081652231_3842.jpg-300x233.jpg 300w, https:\/\/tsvkuppingen.de\/lauftreff\/site\/wp-content\/uploads\/2015\/11\/201511081652231_3842.jpg.jpg 480w\" sizes=\"auto, (max-width: 300px) 100vw, 300px\" \/><\/a><p id=\"caption-attachment-4856\" class=\"wp-caption-text\">Kids beim Laufabzeichen<\/p><\/div>\n","protected":false},"excerpt":{"rendered":"<p>Laufabzeichen Laufabzeichen? Was soll das denn? Ganz einfach: Jeder kann seine Ausdauer beim Laufen unter Beweis stellen und unabh\u00e4ngig von Geschwindigkeit und gelaufener Strecke zeigen was er drauf hat. Und was macht mehr Spa\u00df als ohne jeglichen Leistungsdruck durch den sonnigen, herbstlichen Laufpark zu rennen? F\u00fcr 15, 30 oder 60 Minuten laufen ohne Pause entschied [&hellip;]<\/p>\n","protected":false},"author":2,"featured_media":0,"parent":32,"menu_order":99210000,"comment_status":"open","ping_status":"open","template":"","meta":{"ngg_post_thumbnail":0,"footnotes":""},"class_list":["post-4844","page","type-page","status-publish","hentry"],"_links":{"self":[{"href":"https:\/\/tsvkuppingen.de\/lauftreff\/site\/index.php?rest_route=\/wp\/v2\/pages\/4844","targetHints":{"allow":["GET"]}}],"collection":[{"href":"https:\/\/tsvkuppingen.de\/lauftreff\/site\/index.php?rest_route=\/wp\/v2\/pages"}],"about":[{"href":"https:\/\/tsvkuppingen.de\/lauftreff\/site\/index.php?rest_route=\/wp\/v2\/types\/page"}],"author":[{"embeddable":true,"href":"https:\/\/tsvkuppingen.de\/lauftreff\/site\/index.php?rest_route=\/wp\/v2\/users\/2"}],"replies":[{"embeddable":true,"href":"https:\/\/tsvkuppingen.de\/lauftreff\/site\/index.php?rest_route=%2Fwp%2Fv2%2Fcomments&post=4844"}],"version-history":[{"count":9,"href":"https:\/\/tsvkuppingen.de\/lauftreff\/site\/index.php?rest_route=\/wp\/v2\/pages\/4844\/revisions"}],"predecessor-version":[{"id":7916,"href":"https:\/\/tsvkuppingen.de\/lauftreff\/site\/index.php?rest_route=\/wp\/v2\/pages\/4844\/revisions\/7916"}],"up":[{"embeddable":true,"href":"https:\/\/tsvkuppingen.de\/lauftreff\/site\/index.php?rest_route=\/wp\/v2\/pages\/32"}],"wp:attachment":[{"href":"https:\/\/tsvkuppingen.de\/lauftreff\/site\/index.php?rest_route=%2Fwp%2Fv2%2Fmedia&parent=4844"}],"curies":[{"name":"wp","href":"https:\/\/api.w.org\/{rel}","templated":true}]}}