{"id":7355,"date":"2018-12-04T13:55:18","date_gmt":"2018-12-04T12:55:18","guid":{"rendered":"http:\/\/tsvkuppingen.de\/lauftreff\/site\/?page_id=7355"},"modified":"2019-10-18T20:26:50","modified_gmt":"2019-10-18T18:26:50","slug":"7355","status":"publish","type":"page","link":"https:\/\/tsvkuppingen.de\/lauftreff\/site\/?page_id=7355","title":{"rendered":"01.12.2018"},"content":{"rendered":"<p><strong>Platz eins f\u00fcr Liesels Gl\u00fchwein<\/strong><\/p>\n<p>Dass beim<strong> Gl\u00fchweinlauf<\/strong> des Kuppinger Lauftreffs das Laufen von der Hauptsache zur Nebensache wird, ist ein alter Hut. So auch vergangenen Samstag als sich die bunte Schar der L\u00e4ufer und Walker nach nur 45 Minuten Sport um Liesel Kohlers Zaubertrank dr\u00e4ngten. \u201e<strong>Liesels Gl\u00fchwein ist der Beste<\/strong>\u201c, \u201eSag Liesel, wie was machst du da nur rein?\u201c, \u201evon dem hab ich noch nie Kopfweh bekommen\u201c\u2026 die Sportler \u00e4u\u00dfern sind abermals begeistert. Dass \u201eunsere Liesel\u201c dazu auch noch Selbstgebackenes anbietet, setzt dem Gl\u00fchweinlauf eine Krone auf. <strong>Sport treiben und Gemeinschaft pflegen, das l\u00e4sst die Herzen der Lauftreffler h\u00f6her schlagen.<\/strong><\/p>\n<div id=\"attachment_5396\" style=\"width: 310px\" class=\"wp-caption alignnone\"><a href=\"https:\/\/tsvkuppingen.de\/lauftreff\/site\/wp-content\/uploads\/2018\/12\/IMG_7058_1ab.jpg\"><img loading=\"lazy\" decoding=\"async\" aria-describedby=\"caption-attachment-5396\" src=\"https:\/\/tsvkuppingen.de\/lauftreff\/site\/wp-content\/uploads\/2018\/12\/IMG_7058_1ab-200x300.jpg\" alt=\"mmmmm... das mundet!\" title=\"mmmmm\" width=\"300\" height=\"200\" class=\"size-medium wp-image-5365\" \/><\/a><p id=\"caption-attachment-5396\" class=\"wp-caption-text\">mmmmm... das mundet!<\/p><\/div>\n","protected":false},"excerpt":{"rendered":"<p>Platz eins f\u00fcr Liesels Gl\u00fchwein Dass beim Gl\u00fchweinlauf des Kuppinger Lauftreffs das Laufen von der Hauptsache zur Nebensache wird, ist ein alter Hut. So auch vergangenen Samstag als sich die bunte Schar der L\u00e4ufer und Walker nach nur 45 Minuten Sport um Liesel Kohlers Zaubertrank dr\u00e4ngten. \u201eLiesels Gl\u00fchwein ist der Beste\u201c, \u201eSag Liesel, wie was [&hellip;]<\/p>\n","protected":false},"author":4,"featured_media":0,"parent":32,"menu_order":99140000,"comment_status":"open","ping_status":"open","template":"","meta":{"ngg_post_thumbnail":0,"footnotes":""},"class_list":["post-7355","page","type-page","status-publish","hentry"],"_links":{"self":[{"href":"https:\/\/tsvkuppingen.de\/lauftreff\/site\/index.php?rest_route=\/wp\/v2\/pages\/7355","targetHints":{"allow":["GET"]}}],"collection":[{"href":"https:\/\/tsvkuppingen.de\/lauftreff\/site\/index.php?rest_route=\/wp\/v2\/pages"}],"about":[{"href":"https:\/\/tsvkuppingen.de\/lauftreff\/site\/index.php?rest_route=\/wp\/v2\/types\/page"}],"author":[{"embeddable":true,"href":"https:\/\/tsvkuppingen.de\/lauftreff\/site\/index.php?rest_route=\/wp\/v2\/users\/4"}],"replies":[{"embeddable":true,"href":"https:\/\/tsvkuppingen.de\/lauftreff\/site\/index.php?rest_route=%2Fwp%2Fv2%2Fcomments&post=7355"}],"version-history":[{"count":12,"href":"https:\/\/tsvkuppingen.de\/lauftreff\/site\/index.php?rest_route=\/wp\/v2\/pages\/7355\/revisions"}],"predecessor-version":[{"id":8122,"href":"https:\/\/tsvkuppingen.de\/lauftreff\/site\/index.php?rest_route=\/wp\/v2\/pages\/7355\/revisions\/8122"}],"up":[{"embeddable":true,"href":"https:\/\/tsvkuppingen.de\/lauftreff\/site\/index.php?rest_route=\/wp\/v2\/pages\/32"}],"wp:attachment":[{"href":"https:\/\/tsvkuppingen.de\/lauftreff\/site\/index.php?rest_route=%2Fwp%2Fv2%2Fmedia&parent=7355"}],"curies":[{"name":"wp","href":"https:\/\/api.w.org\/{rel}","templated":true}]}}