{"id":77,"date":"2009-05-11T21:44:43","date_gmt":"2009-05-11T19:44:43","guid":{"rendered":"http:\/\/tsvkuppingen.de\/lauftreff\/site\/?page_id=77"},"modified":"2019-09-20T22:50:58","modified_gmt":"2019-09-20T20:50:58","slug":"strecken","status":"publish","type":"page","link":"https:\/\/tsvkuppingen.de\/lauftreff\/site\/?page_id=77","title":{"rendered":"Strecken"},"content":{"rendered":"<p>Start und Ziel des Walking-Trainings ist die Sport-Anlage des TSV Kuppingen <a href=\"https:\/\/maps.google.de\/maps?f=d&#038;source=embed&#038;saddr=&#038;daddr=Kuppingen,+TSV%20Sportanlagen&#038;geocode=FYCf5QIdRWKGAA&#038;hl=de&#038;mra=mr&#038;sll=48.603177,8.806915&#038;sspn=0.015835,0.034976&#038;ie=UTF8&#038;ll=48.605163,8.806829&#038;spn=0.063339,0.139904&#038;z=13\">(Karte)<\/a>.<\/p>\n<p>Wir walken auf den ausgeschilderten Strecken des von uns errichteten Laufparks. Dar\u00fcber hinaus sind uns von diesem Ausgangspunkt s\u00e4mtliche Alternativ-Strecken zur Erweiterung bekannt.<\/p>\n<p>Der Laufpark verf\u00fcgt \u00fcber vier unterschiedliche Strecken zwischen 3,4 und 10 km. <a href=\"https:\/\/tsvkuppingen.de\/lauftreff\/site\/?page_id=93\">Mehr&#8230;<\/a><\/p>\n","protected":false},"excerpt":{"rendered":"<p>Start und Ziel des Walking-Trainings ist die Sport-Anlage des TSV Kuppingen (Karte). Wir walken auf den ausgeschilderten Strecken des von uns errichteten Laufparks. Dar\u00fcber hinaus sind uns von diesem Ausgangspunkt s\u00e4mtliche Alternativ-Strecken zur Erweiterung bekannt. Der Laufpark verf\u00fcgt \u00fcber vier unterschiedliche Strecken zwischen 3,4 und 10 km. Mehr&#8230;<\/p>\n","protected":false},"author":1,"featured_media":0,"parent":67,"menu_order":0,"comment_status":"open","ping_status":"open","template":"","meta":{"ngg_post_thumbnail":0,"footnotes":""},"class_list":["post-77","page","type-page","status-publish","hentry"],"_links":{"self":[{"href":"https:\/\/tsvkuppingen.de\/lauftreff\/site\/index.php?rest_route=\/wp\/v2\/pages\/77","targetHints":{"allow":["GET"]}}],"collection":[{"href":"https:\/\/tsvkuppingen.de\/lauftreff\/site\/index.php?rest_route=\/wp\/v2\/pages"}],"about":[{"href":"https:\/\/tsvkuppingen.de\/lauftreff\/site\/index.php?rest_route=\/wp\/v2\/types\/page"}],"author":[{"embeddable":true,"href":"https:\/\/tsvkuppingen.de\/lauftreff\/site\/index.php?rest_route=\/wp\/v2\/users\/1"}],"replies":[{"embeddable":true,"href":"https:\/\/tsvkuppingen.de\/lauftreff\/site\/index.php?rest_route=%2Fwp%2Fv2%2Fcomments&post=77"}],"version-history":[{"count":8,"href":"https:\/\/tsvkuppingen.de\/lauftreff\/site\/index.php?rest_route=\/wp\/v2\/pages\/77\/revisions"}],"predecessor-version":[{"id":7989,"href":"https:\/\/tsvkuppingen.de\/lauftreff\/site\/index.php?rest_route=\/wp\/v2\/pages\/77\/revisions\/7989"}],"up":[{"embeddable":true,"href":"https:\/\/tsvkuppingen.de\/lauftreff\/site\/index.php?rest_route=\/wp\/v2\/pages\/67"}],"wp:attachment":[{"href":"https:\/\/tsvkuppingen.de\/lauftreff\/site\/index.php?rest_route=%2Fwp%2Fv2%2Fmedia&parent=77"}],"curies":[{"name":"wp","href":"https:\/\/api.w.org\/{rel}","templated":true}]}}