{"id":81,"date":"2009-05-11T21:45:07","date_gmt":"2009-05-11T19:45:07","guid":{"rendered":"http:\/\/tsvkuppingen.de\/lauftreff\/site\/?page_id=81"},"modified":"2009-11-21T18:30:14","modified_gmt":"2009-11-21T16:30:14","slug":"laufabzeichen","status":"publish","type":"page","link":"https:\/\/tsvkuppingen.de\/lauftreff\/site\/?page_id=81","title":{"rendered":"Tipps"},"content":{"rendered":"<p><strong><br \/>\nViele gute Gr\u00fcnde f\u00fcr das Walking<\/strong><\/p>\n<ul>\n<li> Walking ist in jedem Alter m\u00f6glich<\/li>\n<li> Walking st\u00e4rkt den Bewegungsapparat<\/li>\n<li> Walking stabilisiert das Herz-Kreislaufsystem<\/li>\n<li> Walking baut Stress ab<\/li>\n<li> Walking steigert des Selbstwertgef\u00fchl<\/li>\n<li> Walking st\u00e4rkt das Immunsystem<\/li>\n<li> Walking verbessert den Stoffwechselprozess<\/li>\n<li> Walking dient der Stabilisierung des Skelettsystems<\/li>\n<li> Walkingtechnik ist relativ leicht zu erlernen<\/li>\n<li> Walking ist bei fast jedem Wetter m\u00f6glich<\/li>\n<li> Walking auch im Urlaub<\/li>\n<li> Walking \u2013 allein oder in der Gruppe<\/li>\n<li> Walking zu jeder Zeit<\/li>\n<li> Walkingausr\u00fcstung ist relativ preiswert<\/li>\n<\/ul>\n","protected":false},"excerpt":{"rendered":"<p>Viele gute Gr\u00fcnde f\u00fcr das Walking Walking ist in jedem Alter m\u00f6glich Walking st\u00e4rkt den Bewegungsapparat Walking stabilisiert das Herz-Kreislaufsystem Walking baut Stress ab Walking steigert des Selbstwertgef\u00fchl Walking st\u00e4rkt das Immunsystem Walking verbessert den Stoffwechselprozess Walking dient der Stabilisierung des Skelettsystems Walkingtechnik ist relativ leicht zu erlernen Walking ist bei fast jedem Wetter m\u00f6glich [&hellip;]<\/p>\n","protected":false},"author":1,"featured_media":0,"parent":67,"menu_order":0,"comment_status":"open","ping_status":"open","template":"","meta":{"ngg_post_thumbnail":0,"footnotes":""},"class_list":["post-81","page","type-page","status-publish","hentry"],"_links":{"self":[{"href":"https:\/\/tsvkuppingen.de\/lauftreff\/site\/index.php?rest_route=\/wp\/v2\/pages\/81","targetHints":{"allow":["GET"]}}],"collection":[{"href":"https:\/\/tsvkuppingen.de\/lauftreff\/site\/index.php?rest_route=\/wp\/v2\/pages"}],"about":[{"href":"https:\/\/tsvkuppingen.de\/lauftreff\/site\/index.php?rest_route=\/wp\/v2\/types\/page"}],"author":[{"embeddable":true,"href":"https:\/\/tsvkuppingen.de\/lauftreff\/site\/index.php?rest_route=\/wp\/v2\/users\/1"}],"replies":[{"embeddable":true,"href":"https:\/\/tsvkuppingen.de\/lauftreff\/site\/index.php?rest_route=%2Fwp%2Fv2%2Fcomments&post=81"}],"version-history":[{"count":8,"href":"https:\/\/tsvkuppingen.de\/lauftreff\/site\/index.php?rest_route=\/wp\/v2\/pages\/81\/revisions"}],"predecessor-version":[{"id":527,"href":"https:\/\/tsvkuppingen.de\/lauftreff\/site\/index.php?rest_route=\/wp\/v2\/pages\/81\/revisions\/527"}],"up":[{"embeddable":true,"href":"https:\/\/tsvkuppingen.de\/lauftreff\/site\/index.php?rest_route=\/wp\/v2\/pages\/67"}],"wp:attachment":[{"href":"https:\/\/tsvkuppingen.de\/lauftreff\/site\/index.php?rest_route=%2Fwp%2Fv2%2Fmedia&parent=81"}],"curies":[{"name":"wp","href":"https:\/\/api.w.org\/{rel}","templated":true}]}}