{"id":9707,"date":"2023-01-29T18:48:33","date_gmt":"2023-01-29T17:48:33","guid":{"rendered":"https:\/\/tsvkuppingen.de\/lauftreff\/site\/?page_id=9707"},"modified":"2023-01-29T18:56:46","modified_gmt":"2023-01-29T17:56:46","slug":"abteilungsversammlung-2023","status":"publish","type":"page","link":"https:\/\/tsvkuppingen.de\/lauftreff\/site\/?page_id=9707","title":{"rendered":"17.02.2023"},"content":{"rendered":"<p><H3>ABTEILUNGSVERSAMMLUNG 2023 <\/H3><br \/>\n<H3>Freitag, 17.02.2023 im TSV Sportheim, Beginn 20:00 Uhr<\/H3><\/p>\n<p>Zu unserer diesj\u00e4hrigen <strong>Abteilungsversammlung<\/strong> laden wir alle <strong>Mitglieder und Interessierte<\/strong> herzlich ein:<\/p>\n<p><strong>Tagesordnung<\/strong>:<br \/>\n&#8211; Begr\u00fc\u00dfung<br \/>\n&#8211; Berichte des Abteilungsrates in Bildern, Kassenbericht<br \/>\n&#8211; Entlastungen \/ Wahlen<br \/>\n&#8211; Ausblick 2023<br \/>\n&#8211; Sonstiges<\/p>\n<p>Antr\u00e4ge zur Tagesordnung sind bis 09.02.2023 schriftlich einzureichen an<br \/>\nClivia Schuker, Taunusstr. 14, 71083 Herrenberg oder per Email an<br \/>\nClivia.Schuker@t-online.de <\/p>\n","protected":false},"excerpt":{"rendered":"<p>ABTEILUNGSVERSAMMLUNG 2023 Freitag, 17.02.2023 im TSV Sportheim, Beginn 20:00 Uhr Zu unserer diesj\u00e4hrigen Abteilungsversammlung laden wir alle Mitglieder und Interessierte herzlich ein: Tagesordnung: &#8211; Begr\u00fc\u00dfung &#8211; Berichte des Abteilungsrates in Bildern, Kassenbericht &#8211; Entlastungen \/ Wahlen &#8211; Ausblick 2023 &#8211; Sonstiges Antr\u00e4ge zur Tagesordnung sind bis 09.02.2023 schriftlich einzureichen an Clivia Schuker, Taunusstr. 14, 71083 [&hellip;]<\/p>\n","protected":false},"author":4,"featured_media":0,"parent":32,"menu_order":9912000,"comment_status":"open","ping_status":"open","template":"","meta":{"ngg_post_thumbnail":0,"footnotes":""},"class_list":["post-9707","page","type-page","status-publish","hentry"],"_links":{"self":[{"href":"https:\/\/tsvkuppingen.de\/lauftreff\/site\/index.php?rest_route=\/wp\/v2\/pages\/9707","targetHints":{"allow":["GET"]}}],"collection":[{"href":"https:\/\/tsvkuppingen.de\/lauftreff\/site\/index.php?rest_route=\/wp\/v2\/pages"}],"about":[{"href":"https:\/\/tsvkuppingen.de\/lauftreff\/site\/index.php?rest_route=\/wp\/v2\/types\/page"}],"author":[{"embeddable":true,"href":"https:\/\/tsvkuppingen.de\/lauftreff\/site\/index.php?rest_route=\/wp\/v2\/users\/4"}],"replies":[{"embeddable":true,"href":"https:\/\/tsvkuppingen.de\/lauftreff\/site\/index.php?rest_route=%2Fwp%2Fv2%2Fcomments&post=9707"}],"version-history":[{"count":7,"href":"https:\/\/tsvkuppingen.de\/lauftreff\/site\/index.php?rest_route=\/wp\/v2\/pages\/9707\/revisions"}],"predecessor-version":[{"id":9712,"href":"https:\/\/tsvkuppingen.de\/lauftreff\/site\/index.php?rest_route=\/wp\/v2\/pages\/9707\/revisions\/9712"}],"up":[{"embeddable":true,"href":"https:\/\/tsvkuppingen.de\/lauftreff\/site\/index.php?rest_route=\/wp\/v2\/pages\/32"}],"wp:attachment":[{"href":"https:\/\/tsvkuppingen.de\/lauftreff\/site\/index.php?rest_route=%2Fwp%2Fv2%2Fmedia&parent=9707"}],"curies":[{"name":"wp","href":"https:\/\/api.w.org\/{rel}","templated":true}]}}